195.250.72.150 - - [10/Sep/2022:11:18:07 -0700] "GET /yswimages/pecczw20072.jpg HTTP/1.1" 200 41030 "-" "Mozilla/5.0 (X11; Ubuntu; Linux x86_64; rv:72.0) Gecko/20100101 Firefox/72.0" "site.kooldawgtees.com"
35.89.245.72 - - [10/Sep/2022:11:25:14 -0700] "GET /yswimages/ruffweark9overcoatredcur.jpg HTTP/1.1" 200 173217 "-" "Mozilla/5.0 (X11; Ubuntu; Linux x86_64; rv:72.0) Gecko/20100101 Firefox/72.0" "site.kooldawgtees.com"
35.89.245.72 - - [10/Sep/2022:11:42:54 -0700] "GET /yswimages/doggles-pcmd.jpg HTTP/1.1" 200 17282 "-" "Mozilla/5.0 (X11; Ubuntu; Linux x86_64; rv:72.0) Gecko/20100101 Firefox/72.0" "site.kooldawgtees.com"
198.82.162.128 - - [10/Sep/2022:11:48:02 -0700] "GET /yswimages/doggles.jpg HTTP/1.1" 200 50040 "-" "Mozilla/5.0 (X11; Ubuntu; Linux x86_64; rv:72.0) Gecko/20100101 Firefox/72.0" "site.kooldawgtees.com"
61.241.37.68 - - [10/Sep/2022:11:54:20 -0700] "GET /yswimages/nflds1717.jpg HTTP/1.1" 200 48861 "-" "Mozilla/5.0 (X11; Ubuntu; Linux x86_64; rv:72.0) Gecko/20100101 Firefox/72.0" "site.kooldawgtees.com"
35.89.245.72 - - [10/Sep/2022:12:06:21 -0700] "GET /yswimages/pecczwcc-sweat-spkletree.jpg HTTP/1.1" 200 99211 "-" "Mozilla/5.0 (X11; Ubuntu; Linux x86_64; rv:72.0) Gecko/20100101 Firefox/72.0" "site.kooldawgtees.com"
114.119.133.89 - - [10/Sep/2022:12:15:47 -0700] "GET /clipart/images/frames/?C=M%3BO%3DA HTTP/1.1" 200 325 "http://site.kooldawgtees.com/clipart/images/frames/?C=S%3BO%3DA" "Mozilla/5.0 (compatible;PetalBot;+https://webmaster.petalsearch.com/site/petalbot)" "site.kooldawgtees.com"
114.119.134.10 - - [10/Sep/2022:12:32:28 -0700] "GET /sitebuilder?C=M%3BO%3DA HTTP/1.1" 301 1426 "http://site.kooldawgtees.com/sitebuilder?C=D%3BO%3DA" "Mozilla/5.0 (compatible;PetalBot;+https://webmaster.petalsearch.com/site/petalbot)" "site.kooldawgtees.com"
114.119.134.10 - - [10/Sep/2022:12:32:28 -0700] "GET /sitebuilder/?C=M%3BO%3DA HTTP/1.1" 200 600 "http://site.kooldawgtees.com/sitebuilder?C=D%3BO%3DA" "Mozilla/5.0 (compatible;PetalBot;+https://webmaster.petalsearch.com/site/petalbot)" "site.kooldawgtees.com"
35.89.245.72 - - [10/Sep/2022:12:35:01 -0700] "GET /yswimages/mlbdjcubs1433.jpg HTTP/1.1" 200 41453 "-" "Mozilla/5.0 (X11; Ubuntu; Linux x86_64; rv:72.0) Gecko/20100101 Firefox/72.0" "site.kooldawgtees.com"
195.250.72.150 - - [10/Sep/2022:12:39:01 -0700] "GET /yswimages/dog-clothes-monkey-business-dog-sweaters.jpg HTTP/1.1" 200 47345 "-" "Mozilla/5.0 (X11; Ubuntu; Linux x86_64; rv:72.0) Gecko/20100101 Firefox/72.0" "site.kooldawgtees.com"
114.119.133.85 - - [10/Sep/2022:12:43:37 -0700] "GET /clipart/bullets/numbers HTTP/1.1" 301 1420 "http://site.kooldawgtees.com/clipart/bullets" "Mozilla/5.0 (compatible;PetalBot;+https://webmaster.petalsearch.com/site/petalbot)" "site.kooldawgtees.com"
114.119.133.85 - - [10/Sep/2022:12:43:42 -0700] "GET /clipart/bullets/numbers/ HTTP/1.1" 200 489 "http://site.kooldawgtees.com/clipart/bullets" "Mozilla/5.0 (compatible;PetalBot;+https://webmaster.petalsearch.com/site/petalbot)" "site.kooldawgtees.com"
114.119.134.116 - - [10/Sep/2022:12:47:26 -0700] "GET /clipart/buttons/themes/jelly/?C=S%3BO%3DA HTTP/1.1" 200 396 "http://site.kooldawgtees.com/clipart/buttons/themes/jelly?C=D%3BO%3DA" "Mozilla/5.0 (compatible;PetalBot;+https://webmaster.petalsearch.com/site/petalbot)" "site.kooldawgtees.com"
114.119.134.116 - - [10/Sep/2022:12:50:38 -0700] "GET /clipart/images/sidebars/ HTTP/1.1" 200 600 "http://site.kooldawgtees.com/clipart/images?C=S%3BO%3DA" "Mozilla/5.0 (compatible;PetalBot;+https://webmaster.petalsearch.com/site/petalbot)" "site.kooldawgtees.com"
114.119.133.89 - - [10/Sep/2022:12:54:46 -0700] "GET /sitebuilder/scripts/?C=D%3BO%3DA HTTP/1.1" 200 371 "http://site.kooldawgtees.com/sitebuilder/scripts?C=N%3BO%3DD" "Mozilla/5.0 (compatible;PetalBot;+https://webmaster.petalsearch.com/site/petalbot)" "site.kooldawgtees.com"
35.89.245.72 - - [10/Sep/2022:13:02:40 -0700] "GET /yswimages/highlands-bed.jpg HTTP/1.1" 200 100692 "-" "Mozilla/5.0 (X11; Ubuntu; Linux x86_64; rv:72.0) Gecko/20100101 Firefox/72.0" "site.kooldawgtees.com"
114.119.133.87 - - [10/Sep/2022:13:09:49 -0700] "GET /clipart/buttons/themes/glow/ HTTP/1.1" 200 419 "http://site.kooldawgtees.com/clipart/buttons/themes?C=D%3BO%3DA" "Mozilla/5.0 (compatible;PetalBot;+https://webmaster.petalsearch.com/site/petalbot)" "site.kooldawgtees.com"
198.82.162.128 - - [10/Sep/2022:13:24:09 -0700] "GET /yswimages/pecczw9413.jpg HTTP/1.1" 200 24921 "-" "Mozilla/5.0 (X11; Ubuntu; Linux x86_64; rv:72.0) Gecko/20100101 Firefox/72.0" "site.kooldawgtees.com"
5.255.253.181 - - [10/Sep/2022:13:31:58 -0700] "GET /robots.txt HTTP/1.1" 200 43 "-" "Mozilla/5.0 (compatible; YandexBot/3.0; +http://yandex.com/bots)" "site.kooldawgtees.com"
5.45.207.121 - - [10/Sep/2022:13:32:02 -0700] "GET /yswimages/ HTTP/1.1" 200 12010 "-" "Mozilla/5.0 (compatible; YandexBot/3.0; +http://yandex.com/bots)" "site.kooldawgtees.com"
5.255.253.181 - - [10/Sep/2022:13:32:48 -0700] "GET /yswimages/?C=M;O=A HTTP/1.1" 200 12144 "-" "Mozilla/5.0 (compatible; YandexBot/3.0; +http://yandex.com/bots)" "site.kooldawgtees.com"
5.255.253.181 - - [10/Sep/2022:13:32:51 -0700] "GET /yswimages/?C=N;O=D HTTP/1.1" 200 11947 "-" "Mozilla/5.0 (compatible; YandexBot/3.0; +http://yandex.com/bots)" "site.kooldawgtees.com"
5.255.253.181 - - [10/Sep/2022:13:32:55 -0700] "GET /yswimages/?C=D;O=A HTTP/1.1" 200 12010 "-" "Mozilla/5.0 (compatible; YandexBot/3.0; +http://yandex.com/bots)" "site.kooldawgtees.com"
5.255.253.181 - - [10/Sep/2022:13:32:58 -0700] "GET /yswimages/?C=S;O=A HTTP/1.1" 200 12767 "-" "Mozilla/5.0 (compatible; YandexBot/3.0; +http://yandex.com/bots)" "site.kooldawgtees.com"
50.35.185.106 - - [10/Sep/2022:13:38:38 -0700] "GET /yswimages/wooftmc044225.jpg HTTP/1.1" 200 7586 "-" "Mozilla/5.0 (X11; Ubuntu; Linux x86_64; rv:72.0) Gecko/20100101 Firefox/72.0" "site.kooldawgtees.com"
116.198.10.44 - - [10/Sep/2022:13:38:56 -0700] "GET /yswimages/dog-clothes-ty-monkey-business-dog-jackets.jpg HTTP/1.1" 200 59018 "-" "Mozilla/5.0 (Windows NT 10.0; Win64; x64) AppleWebKit/537.36 (KHTML, like Gecko) Chrome/103.0.5060.134 Safari/537.36 Edg/103.0.1264.71" "site.kooldawgtees.com"
114.119.134.116 - - [10/Sep/2022:13:39:19 -0700] "GET /sounds?C=S%3BO%3DA HTTP/1.1" 301 1423 "http://site.kooldawgtees.com/sounds?C=M%3BO%3DA" "Mozilla/5.0 (compatible;PetalBot;+https://webmaster.petalsearch.com/site/petalbot)" "site.kooldawgtees.com"
114.119.134.116 - - [10/Sep/2022:13:39:27 -0700] "GET /sounds/?C=S%3BO%3DA HTTP/1.1" 200 499 "http://site.kooldawgtees.com/sounds?C=M%3BO%3DA" "Mozilla/5.0 (compatible;PetalBot;+https://webmaster.petalsearch.com/site/petalbot)" "site.kooldawgtees.com"
114.119.133.98 - - [10/Sep/2022:13:48:26 -0700] "GET /scripts/ HTTP/1.1" 200 382 "https://site.kooldawgtees.com/" "Mozilla/5.0 (compatible;PetalBot;+https://webmaster.petalsearch.com/site/petalbot)" "site.kooldawgtees.com"
114.119.133.98 - - [10/Sep/2022:13:49:54 -0700] "GET /clipart/buttons/themes/modern?C=N%3BO%3DD HTTP/1.1" 301 1441 "http://site.kooldawgtees.com/clipart/buttons/themes/modern?C=M%3BO%3DA" "Mozilla/5.0 (compatible;PetalBot;+https://webmaster.petalsearch.com/site/petalbot)" "site.kooldawgtees.com"
114.119.133.98 - - [10/Sep/2022:13:49:54 -0700] "GET /clipart/buttons/themes/modern/?C=N%3BO%3DD HTTP/1.1" 200 421 "http://site.kooldawgtees.com/clipart/buttons/themes/modern?C=M%3BO%3DA" "Mozilla/5.0 (compatible;PetalBot;+https://webmaster.petalsearch.com/site/petalbot)" "site.kooldawgtees.com"
103.117.101.51 - - [10/Sep/2022:13:52:27 -0700] "GET /yswimages/dog-clothes-tiff-monkey-business-dog-jackets.jpg HTTP/1.1" 200 68651 "-" "Mozilla/5.0 (X11; Ubuntu; Linux x86_64; rv:72.0) Gecko/20100101 Firefox/72.0" "site.kooldawgtees.com"
114.119.133.98 - - [10/Sep/2022:14:05:19 -0700] "GET /applets?C=S%3BO%3DA HTTP/1.1" 301 1424 "http://site.kooldawgtees.com/applets?C=D%3BO%3DA" "Mozilla/5.0 (compatible;PetalBot;+https://webmaster.petalsearch.com/site/petalbot)" "site.kooldawgtees.com"
114.119.133.98 - - [10/Sep/2022:14:05:20 -0700] "GET /applets/?C=S%3BO%3DA HTTP/1.1" 200 313 "http://site.kooldawgtees.com/applets?C=D%3BO%3DA" "Mozilla/5.0 (compatible;PetalBot;+https://webmaster.petalsearch.com/site/petalbot)" "site.kooldawgtees.com"
61.241.37.68 - - [10/Sep/2022:14:45:37 -0700] "GET /yswimages/pecczw20072.jpg HTTP/1.1" 200 41030 "-" "Mozilla/5.0 (X11; Ubuntu; Linux x86_64; rv:72.0) Gecko/20100101 Firefox/72.0" "site.kooldawgtees.com"
5.255.253.181 - - [10/Sep/2022:14:45:47 -0700] "GET /robots.txt HTTP/1.1" 200 43 "-" "Mozilla/5.0 (compatible; YandexBot/3.0; +http://yandex.com/bots)" "site.kooldawgtees.com"
5.45.207.121 - - [10/Sep/2022:14:45:50 -0700] "GET /clipart/bullets/arrows/ HTTP/1.1" 200 465 "-" "Mozilla/5.0 (compatible; YandexBot/3.0; +http://yandex.com/bots)" "site.kooldawgtees.com"
101.236.11.34 - - [10/Sep/2022:14:56:28 -0700] "GET /yswimages/dallas-cowboys-football-cheerleader-outrfit-dog-dress.jpg HTTP/1.1" 200 11942 "-" "python-requests/2.27.1" "site.kooldawgtees.com"
216.244.66.234 - - [10/Sep/2022:15:04:26 -0700] "GET /robots.txt HTTP/1.1" 200 43 "-" "Mozilla/5.0 (compatible; DotBot/1.2; +https://opensiteexplorer.org/dotbot; help@moz.com)" "site.kooldawgtees.com"
101.236.11.35 - - [10/Sep/2022:15:14:34 -0700] "GET /yswimages/pecczw276.jpg HTTP/1.1" 200 54132 "-" "python-requests/2.27.1" "site.kooldawgtees.com"
114.119.133.98 - - [10/Sep/2022:15:19:25 -0700] "GET /clipart/buttons/themes/view-screen?C=D%3BO%3DA HTTP/1.1" 301 1445 "http://site.kooldawgtees.com/clipart/buttons/themes/view-screen" "Mozilla/5.0 (compatible;PetalBot;+https://webmaster.petalsearch.com/site/petalbot)" "site.kooldawgtees.com"
114.119.133.98 - - [10/Sep/2022:15:19:25 -0700] "GET /clipart/buttons/themes/view-screen/?C=D%3BO%3DA HTTP/1.1" 200 458 "http://site.kooldawgtees.com/clipart/buttons/themes/view-screen" "Mozilla/5.0 (compatible;PetalBot;+https://webmaster.petalsearch.com/site/petalbot)" "site.kooldawgtees.com"
114.119.134.10 - - [10/Sep/2022:15:24:10 -0700] "GET /media/?C=N%3BO%3DD HTTP/1.1" 200 553 "http://site.kooldawgtees.com/media" "Mozilla/5.0 (compatible;PetalBot;+https://webmaster.petalsearch.com/site/petalbot)" "site.kooldawgtees.com"
61.241.37.68 - - [10/Sep/2022:15:40:47 -0700] "GET /yswimages/dog-clothes-monkey-business-dog-sweaters.jpg HTTP/1.1" 200 47345 "-" "Mozilla/5.0 (X11; Ubuntu; Linux x86_64; rv:72.0) Gecko/20100101 Firefox/72.0" "site.kooldawgtees.com"
50.35.185.106 - - [10/Sep/2022:15:50:34 -0700] "GET /yswimages/flophouse-foam-pad.jpg HTTP/1.1" 200 153512 "-" "Mozilla/5.0 (X11; Ubuntu; Linux x86_64; rv:72.0) Gecko/20100101 Firefox/72.0" "site.kooldawgtees.com"
198.82.162.128 - - [10/Sep/2022:16:22:04 -0700] "GET /yswimages/pecczw588.jpg HTTP/1.1" 200 12973 "-" "Mozilla/5.0 (X11; Ubuntu; Linux x86_64; rv:72.0) Gecko/20100101 Firefox/72.0" "site.kooldawgtees.com"
35.89.245.72 - - [10/Sep/2022:16:23:42 -0700] "GET /yswimages/peccza630.jpg HTTP/1.1" 200 8941 "-" "Mozilla/5.0 (X11; Ubuntu; Linux x86_64; rv:72.0) Gecko/20100101 Firefox/72.0" "site.kooldawgtees.com"
119.8.57.70 - - [10/Sep/2022:16:47:55 -0700] "GET /yswimages/dog-clothes-ty-monkey-business-dog-jackets.jpg HTTP/1.1" 200 59018 "-" "Mozilla/5.0 (X11; Ubuntu; Linux x86_64; rv:72.0) Gecko/20100101 Firefox/72.0" "site.kooldawgtees.com"
66.249.66.83 - - [10/Sep/2022:17:11:29 -0700] "GET /favicon.ico HTTP/1.1" 404 88 "-" "Googlebot-Image/1.0" "site.kooldawgtees.com"
114.119.133.85 - - [10/Sep/2022:18:03:01 -0700] "GET /clipart/buttons/themes/glow/?C=M%3BO%3DA HTTP/1.1" 200 419 "http://site.kooldawgtees.com/clipart/buttons/themes/glow?C=N%3BO%3DD" "Mozilla/5.0 (compatible;PetalBot;+https://webmaster.petalsearch.com/site/petalbot)" "site.kooldawgtees.com"
101.236.11.36 - - [10/Sep/2022:18:07:00 -0700] "GET /yswimages/zzus103.jpg HTTP/1.1" 200 59100 "-" "python-requests/2.27.1" "site.kooldawgtees.com"
114.119.134.1 - - [10/Sep/2022:19:31:47 -0700] "GET /clipart/images?C=M%3BO%3DA HTTP/1.1" 301 1429 "http://site.kooldawgtees.com/clipart/images" "Mozilla/5.0 (compatible;PetalBot;+https://webmaster.petalsearch.com/site/petalbot)" "site.kooldawgtees.com"
114.119.134.1 - - [10/Sep/2022:19:31:52 -0700] "GET /clipart/images/?C=M%3BO%3DA HTTP/1.1" 200 387 "http://site.kooldawgtees.com/clipart/images" "Mozilla/5.0 (compatible;PetalBot;+https://webmaster.petalsearch.com/site/petalbot)" "site.kooldawgtees.com"
216.244.66.234 - - [10/Sep/2022:20:07:36 -0700] "GET /robots.txt HTTP/1.1" 200 43 "-" "Mozilla/5.0 (compatible; DotBot/1.2; +https://opensiteexplorer.org/dotbot; help@moz.com)" "site.kooldawgtees.com"
114.119.134.116 - - [10/Sep/2022:20:26:01 -0700] "GET /sounds HTTP/1.1" 301 1410 "http://site.kooldawgtees.com/?C=M%3BO%3DA" "Mozilla/5.0 (compatible;PetalBot;+https://webmaster.petalsearch.com/site/petalbot)" "site.kooldawgtees.com"
114.119.134.116 - - [10/Sep/2022:20:26:05 -0700] "GET /sounds/ HTTP/1.1" 200 499 "http://site.kooldawgtees.com/?C=M%3BO%3DA" "Mozilla/5.0 (compatible;PetalBot;+https://webmaster.petalsearch.com/site/petalbot)" "site.kooldawgtees.com"
216.244.66.234 - - [10/Sep/2022:20:31:59 -0700] "GET /images/Baby_w_pink_doggles_hat0001.JPG HTTP/1.1" 200 666207 "-" "Mozilla/5.0 (compatible; DotBot/1.2; +https://opensiteexplorer.org/dotbot; help@moz.com)" "site.kooldawgtees.com"
198.82.162.128 - - [10/Sep/2022:20:46:00 -0700] "GET /yswimages/mlbdtclevelandindians1597.jpg HTTP/1.1" 200 50977 "-" "Mozilla/5.0 (X11; Ubuntu; Linux x86_64; rv:72.0) Gecko/20100101 Firefox/72.0" "site.kooldawgtees.com"
114.119.133.89 - - [10/Sep/2022:21:18:44 -0700] "GET /dog_toys/?C=D%3BO%3DA HTTP/1.1" 200 313 "http://site.kooldawgtees.com/dog_toys/" "Mozilla/5.0 (compatible;PetalBot;+https://webmaster.petalsearch.com/site/petalbot)" "site.kooldawgtees.com"
114.119.133.89 - - [10/Sep/2022:21:48:07 -0700] "GET /clipart/backgrounds/tile/?C=S%3BO%3DA HTTP/1.1" 200 329 "http://site.kooldawgtees.com/clipart/backgrounds/tile" "Mozilla/5.0 (compatible;PetalBot;+https://webmaster.petalsearch.com/site/petalbot)" "site.kooldawgtees.com"
114.119.133.85 - - [10/Sep/2022:22:39:08 -0700] "GET /dog_clothes/?C=M%3BO%3DA HTTP/1.1" 200 315 "http://site.kooldawgtees.com/dog_clothes/?C=S%3BO%3DA" "Mozilla/5.0 (compatible;PetalBot;+https://webmaster.petalsearch.com/site/petalbot)" "site.kooldawgtees.com"
101.236.11.37 - - [10/Sep/2022:23:03:13 -0700] "GET /yswimages/doggles-pcmh.jpg HTTP/1.1" 200 16660 "-" "python-requests/2.27.1" "site.kooldawgtees.com"
65.108.231.158 - - [10/Sep/2022:23:31:49 -0700] "GET /robots.txt HTTP/1.1" 200 43 "-" "Mozilla/5.0 (compatible; MJ12bot/v1.4.8; http://mj12bot.com/)" "site.kooldawgtees.com"
65.108.231.158 - - [10/Sep/2022:23:31:51 -0700] "GET /sitebuilder/applets/?C=D;O=D HTTP/1.1" 200 376 "-" "Mozilla/5.0 (compatible; MJ12bot/v1.4.8; http://mj12bot.com/)" "site.kooldawgtees.com"
65.108.231.158 - - [10/Sep/2022:23:31:53 -0700] "GET /sitebuilder/applets/?C=M;O=D HTTP/1.1" 200 376 "-" "Mozilla/5.0 (compatible; MJ12bot/v1.4.8; http://mj12bot.com/)" "site.kooldawgtees.com"
65.108.231.158 - - [10/Sep/2022:23:31:54 -0700] "GET /sitebuilder/applets/?C=N;O=A HTTP/1.1" 200 378 "-" "Mozilla/5.0 (compatible; MJ12bot/v1.4.8; http://mj12bot.com/)" "site.kooldawgtees.com"
65.108.231.158 - - [10/Sep/2022:23:31:56 -0700] "GET /sitebuilder/applets/?C=S;O=D HTTP/1.1" 200 376 "-" "Mozilla/5.0 (compatible; MJ12bot/v1.4.8; http://mj12bot.com/)" "site.kooldawgtees.com"
114.119.134.10 - - [10/Sep/2022:23:35:50 -0700] "GET /buying-guide/?C=M%3BO%3DA HTTP/1.1" 200 316 "https://site.kooldawgtees.com/buying-guide/" "Mozilla/5.0 (compatible;PetalBot;+https://webmaster.petalsearch.com/site/petalbot)" "site.kooldawgtees.com"
35.89.245.72 - - [10/Sep/2022:23:53:15 -0700] "GET /yswimages/mlbvdjac1305.jpg HTTP/1.1" 200 36353 "-" "Mozilla/5.0 (X11; Ubuntu; Linux x86_64; rv:72.0) Gecko/20100101 Firefox/72.0" "site.kooldawgtees.com"
114.119.133.98 - - [10/Sep/2022:23:57:20 -0700] "GET /default/navigation_bars/ HTTP/1.1" 200 327 "http://site.kooldawgtees.com/default/?C=D%3BO%3DA" "Mozilla/5.0 (compatible;PetalBot;+https://webmaster.petalsearch.com/site/petalbot)" "site.kooldawgtees.com"
101.236.11.37 - - [11/Sep/2022:00:44:03 -0700] "GET /yswimages/dog-clothes-monkey-business-dog-hoodie.jpg HTTP/1.1" 200 58741 "-" "python-requests/2.27.1" "site.kooldawgtees.com"
101.236.11.34 - - [11/Sep/2022:00:44:05 -0700] "GET /yswimages/mlbdjcoloradorockies1437.jpg HTTP/1.1" 200 33579 "-" "python-requests/2.27.1" "site.kooldawgtees.com"
101.236.11.37 - - [11/Sep/2022:01:23:58 -0700] "GET /yswimages/thundershirt-blue-polo.jpg HTTP/1.1" 200 133687 "-" "python-requests/2.27.1" "site.kooldawgtees.com"
114.119.134.10 - - [11/Sep/2022:02:40:06 -0700] "GET /clipart/photos/?C=M%3BO%3DA HTTP/1.1" 200 438 "http://site.kooldawgtees.com/clipart/photos/?C=N%3BO%3DD" "Mozilla/5.0 (compatible;PetalBot;+https://webmaster.petalsearch.com/site/petalbot)" "site.kooldawgtees.com"
34.198.236.55 - - [11/Sep/2022:03:46:52 -0700] "GET /yswimages/pecczw9413.jpg HTTP/1.1" 200 24921 "-" "Mozilla/5.0 (X11; Ubuntu; Linux x86_64; rv:72.0) Gecko/20100101 Firefox/72.0" "site.kooldawgtees.com"
114.119.133.89 - - [11/Sep/2022:03:55:54 -0700] "GET /clipart/backgrounds?C=N%3BO%3DD HTTP/1.1" 301 1428 "http://site.kooldawgtees.com/clipart/backgrounds?C=S%3BO%3DA" "Mozilla/5.0 (compatible;PetalBot;+https://webmaster.petalsearch.com/site/petalbot)" "site.kooldawgtees.com"
114.119.133.89 - - [11/Sep/2022:03:55:54 -0700] "GET /clipart/backgrounds/?C=N%3BO%3DD HTTP/1.1" 200 396 "http://site.kooldawgtees.com/clipart/backgrounds?C=S%3BO%3DA" "Mozilla/5.0 (compatible;PetalBot;+https://webmaster.petalsearch.com/site/petalbot)" "site.kooldawgtees.com"
114.119.133.98 - - [11/Sep/2022:04:04:48 -0700] "GET /navigation_bars/?C=D%3BO%3DA HTTP/1.1" 200 678 "http://site.kooldawgtees.com/navigation_bars/?C=M%3BO%3DA" "Mozilla/5.0 (compatible;PetalBot;+https://webmaster.petalsearch.com/site/petalbot)" "site.kooldawgtees.com"
114.119.134.10 - - [11/Sep/2022:04:09:10 -0700] "GET /clipart/photos?C=D%3BO%3DA HTTP/1.1" 301 1428 "http://site.kooldawgtees.com/clipart/photos" "Mozilla/5.0 (compatible;PetalBot;+https://webmaster.petalsearch.com/site/petalbot)" "site.kooldawgtees.com"
114.119.134.10 - - [11/Sep/2022:04:09:13 -0700] "GET /clipart/photos/?C=D%3BO%3DA HTTP/1.1" 200 438 "http://site.kooldawgtees.com/clipart/photos" "Mozilla/5.0 (compatible;PetalBot;+https://webmaster.petalsearch.com/site/petalbot)" "site.kooldawgtees.com"
192.99.100.210 - - [11/Sep/2022:04:50:42 -0700] "GET /robots.txt HTTP/1.1" 200 43 "-" "Mozilla/5.0 (compatible; MJ12bot/v1.4.8; http://mj12bot.com/)" "site.kooldawgtees.com"
192.99.100.210 - - [11/Sep/2022:04:51:01 -0700] "GET /sitebuilder/catalog.xml HTTP/1.1" 200 96772 "-" "Mozilla/5.0 (compatible; MJ12bot/v1.4.8; http://mj12bot.com/)" "site.kooldawgtees.com"
35.89.245.72 - - [11/Sep/2022:04:52:57 -0700] "GET /yswimages/thundershirt-blue-polo.jpg HTTP/1.1" 200 133687 "-" "Mozilla/5.0 (X11; Ubuntu; Linux x86_64; rv:72.0) Gecko/20100101 Firefox/72.0" "site.kooldawgtees.com"
198.82.162.128 - - [11/Sep/2022:05:05:46 -0700] "GET /yswimages/pecczw38427.jpg HTTP/1.1" 200 46552 "-" "Mozilla/5.0 (X11; Ubuntu; Linux x86_64; rv:72.0) Gecko/20100101 Firefox/72.0" "site.kooldawgtees.com"
198.82.162.128 - - [11/Sep/2022:06:25:11 -0700] "GET /yswimages/nfldj335.jpg HTTP/1.1" 200 41883 "-" "Mozilla/5.0 (X11; Ubuntu; Linux x86_64; rv:72.0) Gecko/20100101 Firefox/72.0" "site.kooldawgtees.com"
159.138.137.41 - - [11/Sep/2022:07:57:51 -0700] "GET /yswimages/ruffweark9overcoatredcur.jpg HTTP/1.1" 200 173217 "-" "Mozilla/5.0 (X11; Ubuntu; Linux x86_64; rv:72.0) Gecko/20100101 Firefox/72.0" "site.kooldawgtees.com"
216.244.66.234 - - [11/Sep/2022:08:02:50 -0700] "GET /robots.txt HTTP/1.1" 200 43 "-" "Mozilla/5.0 (compatible; DotBot/1.2; +https://opensiteexplorer.org/dotbot; help@moz.com)" "site.kooldawgtees.com"
183.71.252.115 - - [11/Sep/2022:08:05:23 -0700] "GET /yswimages/doggles.jpg HTTP/1.1" 200 50040 "-" "Mozilla/5.0 (X11; Ubuntu; Linux x86_64; rv:72.0) Gecko/20100101 Firefox/72.0" "site.kooldawgtees.com"
103.117.101.51 - - [11/Sep/2022:08:17:27 -0700] "GET /yswimages/wooftmc044225.jpg HTTP/1.1" 200 7586 "-" "Mozilla/5.0 (X11; Ubuntu; Linux x86_64; rv:72.0) Gecko/20100101 Firefox/72.0" "site.kooldawgtees.com"
114.119.134.116 - - [11/Sep/2022:08:48:26 -0700] "GET /dickies-medical-uniforms/sitebuilder/preview/?C=M%3BO%3DA HTTP/1.1" 200 343 "http://site.kooldawgtees.com/dickies-medical-uniforms/sitebuilder/preview/?C=S%3BO%3DA" "Mozilla/5.0 (compatible;PetalBot;+https://webmaster.petalsearch.com/site/petalbot)" "site.kooldawgtees.com"
114.119.134.1 - - [11/Sep/2022:09:01:06 -0700] "GET /clipart/backgrounds/tile/?C=D%3BO%3DA HTTP/1.1" 200 329 "http://site.kooldawgtees.com/clipart/backgrounds/tile" "Mozilla/5.0 (compatible;PetalBot;+https://webmaster.petalsearch.com/site/petalbot)" "site.kooldawgtees.com"
114.119.134.1 - - [11/Sep/2022:09:09:48 -0700] "GET /buying-guide?C=N%3BO%3DD HTTP/1.1" 301 1428 "http://site.kooldawgtees.com/buying-guide?C=D%3BO%3DA" "Mozilla/5.0 (compatible;PetalBot;+https://webmaster.petalsearch.com/site/petalbot)" "site.kooldawgtees.com"
114.119.134.1 - - [11/Sep/2022:09:09:51 -0700] "GET /buying-guide/?C=N%3BO%3DD HTTP/1.1" 200 316 "http://site.kooldawgtees.com/buying-guide?C=D%3BO%3DA" "Mozilla/5.0 (compatible;PetalBot;+https://webmaster.petalsearch.com/site/petalbot)" "site.kooldawgtees.com"
114.119.133.87 - - [11/Sep/2022:09:12:32 -0700] "GET /sitebuilder/images/?C=S%3BO%3DA HTTP/1.1" 200 323 "http://site.kooldawgtees.com/sitebuilder/images?C=S%3BO%3DA" "Mozilla/5.0 (compatible;PetalBot;+https://webmaster.petalsearch.com/site/petalbot)" "site.kooldawgtees.com"
114.119.134.10 - - [11/Sep/2022:09:22:39 -0700] "GET /dickies-medical-uniforms/navigation_bars?C=D%3BO%3DA HTTP/1.1" 301 1448 "http://site.kooldawgtees.com/dickies-medical-uniforms/navigation_bars" "Mozilla/5.0 (compatible;PetalBot;+https://webmaster.petalsearch.com/site/petalbot)" "site.kooldawgtees.com"
114.119.134.10 - - [11/Sep/2022:09:22:40 -0700] "GET /dickies-medical-uniforms/navigation_bars/?C=D%3BO%3DA HTTP/1.1" 200 340 "http://site.kooldawgtees.com/dickies-medical-uniforms/navigation_bars" "Mozilla/5.0 (compatible;PetalBot;+https://webmaster.petalsearch.com/site/petalbot)" "site.kooldawgtees.com"
114.119.133.98 - - [11/Sep/2022:09:26:57 -0700] "GET /clipart/buttons/paypal?C=M%3BO%3DA HTTP/1.1" 301 1436 "http://site.kooldawgtees.com/clipart/buttons/paypal?C=D%3BO%3DA" "Mozilla/5.0 (compatible;PetalBot;+https://webmaster.petalsearch.com/site/petalbot)" "site.kooldawgtees.com"
114.119.133.98 - - [11/Sep/2022:09:26:58 -0700] "GET /clipart/buttons/paypal/?C=M%3BO%3DA HTTP/1.1" 200 367 "http://site.kooldawgtees.com/clipart/buttons/paypal?C=D%3BO%3DA" "Mozilla/5.0 (compatible;PetalBot;+https://webmaster.petalsearch.com/site/petalbot)" "site.kooldawgtees.com"
114.119.134.10 - - [11/Sep/2022:09:37:01 -0700] "GET /applets/?C=S%3BO%3DA HTTP/1.1" 200 313 "http://site.kooldawgtees.com/applets?C=S%3BO%3DA" "Mozilla/5.0 (compatible;PetalBot;+https://webmaster.petalsearch.com/site/petalbot)" "site.kooldawgtees.com"
114.119.134.10 - - [11/Sep/2022:09:41:32 -0700] "GET /clipart/buttons/themes/tripledot_red?C=M%3BO%3DA HTTP/1.1" 301 1447 "http://site.kooldawgtees.com/clipart/buttons/themes/tripledot_red" "Mozilla/5.0 (compatible;PetalBot;+https://webmaster.petalsearch.com/site/petalbot)" "site.kooldawgtees.com"
114.119.134.10 - - [11/Sep/2022:09:41:32 -0700] "GET /clipart/buttons/themes/tripledot_red/?C=M%3BO%3DA HTTP/1.1" 200 426 "http://site.kooldawgtees.com/clipart/buttons/themes/tripledot_red" "Mozilla/5.0 (compatible;PetalBot;+https://webmaster.petalsearch.com/site/petalbot)" "site.kooldawgtees.com"
114.119.133.85 - - [11/Sep/2022:09:43:00 -0700] "GET /clipart/lines/vertical/?C=S%3BO%3DA HTTP/1.1" 200 589 "http://site.kooldawgtees.com/clipart/lines/vertical?C=M%3BO%3DA" "Mozilla/5.0 (compatible;PetalBot;+https://webmaster.petalsearch.com/site/petalbot)" "site.kooldawgtees.com"
114.119.134.116 - - [11/Sep/2022:09:46:05 -0700] "GET /clipart/bullets?C=N%3BO%3DD HTTP/1.1" 301 1427 "http://site.kooldawgtees.com/clipart/bullets?C=M%3BO%3DA" "Mozilla/5.0 (compatible;PetalBot;+https://webmaster.petalsearch.com/site/petalbot)" "site.kooldawgtees.com"
114.119.134.116 - - [11/Sep/2022:09:46:09 -0700] "GET /clipart/bullets/?C=N%3BO%3DD HTTP/1.1" 200 507 "http://site.kooldawgtees.com/clipart/bullets?C=M%3BO%3DA" "Mozilla/5.0 (compatible;PetalBot;+https://webmaster.petalsearch.com/site/petalbot)" "site.kooldawgtees.com"
195.250.72.150 - - [11/Sep/2022:09:48:22 -0700] "GET /yswimages/lat3902-3xdoggie-tank.jpg HTTP/1.1" 200 6110 "-" "Mozilla/5.0 (X11; Ubuntu; Linux x86_64; rv:72.0) Gecko/20100101 Firefox/72.0" "site.kooldawgtees.com"
5.45.207.136 - - [11/Sep/2022:10:03:40 -0700] "GET /robots.txt HTTP/1.1" 200 43 "-" "Mozilla/5.0 (compatible; YandexBot/3.0; +http://yandex.com/bots)" "site.kooldawgtees.com"
5.255.253.152 - - [11/Sep/2022:10:03:44 -0700] "GET /images/?C=S;O=A HTTP/1.1" 200 69892 "-" "Mozilla/5.0 (compatible; YandexBot/3.0; +http://yandex.com/bots)" "site.kooldawgtees.com"
114.119.134.10 - - [11/Sep/2022:10:24:36 -0700] "GET /html/?C=S%3BO%3DA HTTP/1.1" 200 308 "http://site.kooldawgtees.com/html?C=N%3BO%3DD" "Mozilla/5.0 (compatible;PetalBot;+https://webmaster.petalsearch.com/site/petalbot)" "site.kooldawgtees.com"
103.117.101.51 - - [11/Sep/2022:10:43:35 -0700] "GET /yswimages/flophouse-foam-pad.jpg HTTP/1.1" 200 153512 "-" "Mozilla/5.0 (X11; Ubuntu; Linux x86_64; rv:72.0) Gecko/20100101 Firefox/72.0" "site.kooldawgtees.com"
198.82.162.128 - - [11/Sep/2022:10:49:45 -0700] "GET /yswimages/doggles-pcmh.jpg HTTP/1.1" 200 16660 "-" "Mozilla/5.0 (X11; Ubuntu; Linux x86_64; rv:72.0) Gecko/20100101 Firefox/72.0" "site.kooldawgtees.com"
101.236.11.34 - - [11/Sep/2022:11:22:30 -0700] "GET /yswimages/dogglesk9optix.jpg HTTP/1.1" 200 7528 "-" "python-requests/2.27.1" "site.kooldawgtees.com"
101.236.11.36 - - [11/Sep/2022:11:22:31 -0700] "GET /yswimages/flophouse-foam-pad.jpg HTTP/1.1" 200 153512 "-" "python-requests/2.27.1" "site.kooldawgtees.com"
101.236.11.35 - - [11/Sep/2022:11:22:33 -0700] "GET /yswimages/wooftmc044225.jpg HTTP/1.1" 200 7586 "-" "python-requests/2.27.1" "site.kooldawgtees.com"
103.7.29.100 - - [11/Sep/2022:11:32:06 -0700] "GET /yswimages/doggles.jpg HTTP/1.1" 200 50040 "-" "Mozilla/5.0 (X11; Ubuntu; Linux x86_64; rv:72.0) Gecko/20100101 Firefox/72.0" "site.kooldawgtees.com"
34.198.236.55 - - [11/Sep/2022:12:43:06 -0700] "GET /sitebuilder/images/KOOLDAWGLOGO_X_20052-350x164.jpg HTTP/1.1" 200 10489 "-" "Mozilla/5.0 (X11; Ubuntu; Linux x86_64; rv:72.0) Gecko/20100101 Firefox/72.0" "site.kooldawgtees.com"
114.119.140.87 - - [11/Sep/2022:13:30:46 -0700] "GET /robots.txt HTTP/1.1" 200 59 "-" "Mozilla/5.0 (compatible;PetalBot;+https://webmaster.petalsearch.com/site/petalbot)" "site.kooldawgtees.com"
103.117.101.51 - - [11/Sep/2022:13:48:39 -0700] "GET /yswimages/dogglesk9optix.jpg HTTP/1.1" 200 7528 "-" "Mozilla/5.0 (X11; Ubuntu; Linux x86_64; rv:72.0) Gecko/20100101 Firefox/72.0" "site.kooldawgtees.com"
37.230.186.130 - - [11/Sep/2022:13:54:12 -0700] "GET /yswimages/bfassfh.jpg HTTP/1.1" 200 10882 "-" "Python/3.7 aiohttp/3.8.1" "site.kooldawgtees.com"
183.71.252.126 - - [11/Sep/2022:14:07:03 -0700] "GET /yswimages/pecczw9413.jpg HTTP/1.1" 200 24921 "-" "Mozilla/5.0 (X11; Ubuntu; Linux x86_64; rv:72.0) Gecko/20100101 Firefox/72.0" "site.kooldawgtees.com"
114.119.140.186 - - [11/Sep/2022:14:09:59 -0700] "GET /robots.txt HTTP/1.1" 200 59 "-" "Mozilla/5.0 (compatible;PetalBot;+https://webmaster.petalsearch.com/site/petalbot)" "site.kooldawgtees.com"
37.230.186.130 - - [11/Sep/2022:14:28:45 -0700] "GET /yswimages/thundershirt-gray.jpg HTTP/1.1" 200 50954 "-" "Python/3.7 aiohttp/3.8.1" "site.kooldawgtees.com"
18.224.30.20 - - [11/Sep/2022:14:55:39 -0700] "GET /yswimages/thundershirt-gray.jpg HTTP/1.1" 200 50954 "-" "Go-http-client/1.1" "site.kooldawgtees.com"
154.85.51.160 - - [11/Sep/2022:15:16:04 -0700] "GET /yswimages/pecczw276.jpg HTTP/1.1" 200 54132 "-" "Mozilla/5.0 (X11; Ubuntu; Linux x86_64; rv:72.0) Gecko/20100101 Firefox/72.0" "site.kooldawgtees.com"
114.119.133.89 - - [11/Sep/2022:15:36:48 -0700] "GET /clipart/images/sidebars?C=M%3BO%3DA HTTP/1.1" 301 1435 "http://site.kooldawgtees.com/clipart/images/sidebars?C=N%3BO%3DD" "Mozilla/5.0 (compatible;PetalBot;+https://webmaster.petalsearch.com/site/petalbot)" "site.kooldawgtees.com"
114.119.133.89 - - [11/Sep/2022:15:36:50 -0700] "GET /clipart/images/sidebars/?C=M%3BO%3DA HTTP/1.1" 200 600 "http://site.kooldawgtees.com/clipart/images/sidebars?C=N%3BO%3DD" "Mozilla/5.0 (compatible;PetalBot;+https://webmaster.petalsearch.com/site/petalbot)" "site.kooldawgtees.com"
198.82.162.128 - - [11/Sep/2022:15:40:22 -0700] "GET /yswimages/ruffweartrackjacket-blzeornge.jpg HTTP/1.1" 200 381896 "-" "Mozilla/5.0 (X11; Ubuntu; Linux x86_64; rv:72.0) Gecko/20100101 Firefox/72.0" "site.kooldawgtees.com"
114.119.134.10 - - [11/Sep/2022:16:37:11 -0700] "GET /dickies-medical-uniforms/sitebuilder/?C=M%3BO%3DA HTTP/1.1" 200 402 "http://site.kooldawgtees.com/dickies-medical-uniforms/sitebuilder/?C=S%3BO%3DA" "Mozilla/5.0 (compatible;PetalBot;+https://webmaster.petalsearch.com/site/petalbot)" "site.kooldawgtees.com"
114.119.134.10 - - [11/Sep/2022:16:42:43 -0700] "GET /directory HTTP/1.1" 301 1413 "http://site.kooldawgtees.com/?C=M%3BO%3DA" "Mozilla/5.0 (compatible;PetalBot;+https://webmaster.petalsearch.com/site/petalbot)" "site.kooldawgtees.com"
114.119.134.10 - - [11/Sep/2022:16:42:43 -0700] "GET /directory/ HTTP/1.1" 200 311 "http://site.kooldawgtees.com/?C=M%3BO%3DA" "Mozilla/5.0 (compatible;PetalBot;+https://webmaster.petalsearch.com/site/petalbot)" "site.kooldawgtees.com"
114.119.133.89 - - [11/Sep/2022:16:52:18 -0700] "GET /default?C=M%3BO%3DA HTTP/1.1" 301 1425 "http://site.kooldawgtees.com/default" "Mozilla/5.0 (compatible;PetalBot;+https://webmaster.petalsearch.com/site/petalbot)" "site.kooldawgtees.com"
114.119.133.89 - - [11/Sep/2022:16:52:26 -0700] "GET /default/?C=M%3BO%3DA HTTP/1.1" 200 357 "http://site.kooldawgtees.com/default" "Mozilla/5.0 (compatible;PetalBot;+https://webmaster.petalsearch.com/site/petalbot)" "site.kooldawgtees.com"
