65.108.41.34 - - [19/Sep/2022:18:31:16 -0700] "GET /sitebuilder/images/?C=N;O=A HTTP/1.1" 200 323 "-" "Mozilla/5.0 (compatible; MJ12bot/v1.4.8; http://mj12bot.com/)" "site.kooldawgtees.com"
65.108.41.34 - - [19/Sep/2022:18:31:21 -0700] "GET /sitebuilder/images/?C=S;O=D HTTP/1.1" 200 322 "-" "Mozilla/5.0 (compatible; MJ12bot/v1.4.8; http://mj12bot.com/)" "site.kooldawgtees.com"
65.108.41.34 - - [19/Sep/2022:18:31:35 -0700] "GET /sitebuilder/server_meta.txt HTTP/1.1" 200 14548 "-" "Mozilla/5.0 (compatible; MJ12bot/v1.4.8; http://mj12bot.com/)" "site.kooldawgtees.com"
65.108.41.34 - - [19/Sep/2022:18:31:42 -0700] "GET /sounds/?S=D HTTP/1.1" 200 499 "-" "Mozilla/5.0 (compatible; MJ12bot/v1.4.8; http://mj12bot.com/)" "site.kooldawgtees.com"
65.108.41.34 - - [19/Sep/2022:18:31:57 -0700] "GET /yswimages/?M=D HTTP/1.1" 200 12010 "-" "Mozilla/5.0 (compatible; MJ12bot/v1.4.8; http://mj12bot.com/)" "site.kooldawgtees.com"
114.119.134.1 - - [19/Sep/2022:18:58:59 -0700] "GET /buying-guide/?C=N%3BO%3DD HTTP/1.1" 200 316 "http://site.kooldawgtees.com/buying-guide" "Mozilla/5.0 (compatible;PetalBot;+https://webmaster.petalsearch.com/site/petalbot)" "site.kooldawgtees.com"
106.14.65.228 - - [19/Sep/2022:19:29:38 -0700] "GET /yswimages/mlbdjcubs1433.jpg HTTP/1.1" 200 41453 "-" "Mozilla/5.0 (X11; Ubuntu; Linux x86_64; rv:72.0) Gecko/20100101 Firefox/72.0" "site.kooldawgtees.com"
203.119.241.226 - - [19/Sep/2022:19:32:24 -0700] "GET /yswimages/premierpetrab.jpg HTTP/1.1" 200 5003 "-" "Mozilla/5.0 (X11; Ubuntu; Linux x86_64; rv:72.0) Gecko/20100101 Firefox/72.0" "site.kooldawgtees.com"
114.119.133.85 - - [19/Sep/2022:19:34:41 -0700] "GET /sitebuilder/scripts/?C=D%3BO%3DA HTTP/1.1" 200 371 "http://site.kooldawgtees.com/sitebuilder/scripts/?C=M%3BO%3DA" "Mozilla/5.0 (Linux; Android 7.0;) AppleWebKit/537.36 (KHTML, like Gecko) Mobile Safari/537.36 (compatible; PetalBot;+https://webmaster.petalsearch.com/site/petalbot)" "site.kooldawgtees.com"
114.119.134.1 - - [19/Sep/2022:19:39:12 -0700] "GET /images?C=S%3BO%3DA HTTP/1.1" 301 1424 "http://site.kooldawgtees.com/images?C=D%3BO%3DA" "Mozilla/5.0 (Linux; Android 7.0;) AppleWebKit/537.36 (KHTML, like Gecko) Mobile Safari/537.36 (compatible; PetalBot;+https://webmaster.petalsearch.com/site/petalbot)" "site.kooldawgtees.com"
114.119.134.1 - - [19/Sep/2022:19:39:12 -0700] "GET /images/?C=S%3BO%3DA HTTP/1.1" 200 63865 "http://site.kooldawgtees.com/images?C=D%3BO%3DA" "Mozilla/5.0 (Linux; Android 7.0;) AppleWebKit/537.36 (KHTML, like Gecko) Mobile Safari/537.36 (compatible; PetalBot;+https://webmaster.petalsearch.com/site/petalbot)" "site.kooldawgtees.com"
114.119.133.85 - - [19/Sep/2022:19:40:55 -0700] "GET /sitebuilder/yorkies_dog_clothes HTTP/1.1" 200 88523 "http://site.kooldawgtees.com/sitebuilder/" "Mozilla/5.0 (Linux; Android 7.0;) AppleWebKit/537.36 (KHTML, like Gecko) Mobile Safari/537.36 (compatible; PetalBot;+https://webmaster.petalsearch.com/site/petalbot)" "site.kooldawgtees.com"
203.119.241.129 - - [19/Sep/2022:19:44:27 -0700] "GET /yswimages/nfldj313.jpg HTTP/1.1" 200 39111 "-" "Mozilla/5.0 (X11; Ubuntu; Linux x86_64; rv:72.0) Gecko/20100101 Firefox/72.0" "site.kooldawgtees.com"
114.119.133.87 - - [19/Sep/2022:19:50:56 -0700] "GET /clipart/buttons/themes/gray/?C=S%3BO%3DA HTTP/1.1" 200 411 "http://site.kooldawgtees.com/clipart/buttons/themes/gray" "Mozilla/5.0 (compatible;PetalBot;+https://webmaster.petalsearch.com/site/petalbot)" "site.kooldawgtees.com"
163.220.128.41 - - [19/Sep/2022:20:00:16 -0700] "GET /yswimages/thundershirt-gray.jpg HTTP/1.1" 200 50954 "-" "Mozilla/5.0 (X11; Ubuntu; Linux x86_64; rv:72.0) Gecko/20100101 Firefox/72.0" "site.kooldawgtees.com"
114.119.134.1 - - [19/Sep/2022:20:08:18 -0700] "GET /clipart/images/frames/?C=N%3BO%3DD HTTP/1.1" 200 325 "http://site.kooldawgtees.com/clipart/images/frames/?C=S%3BO%3DA" "Mozilla/5.0 (compatible;PetalBot;+https://webmaster.petalsearch.com/site/petalbot)" "site.kooldawgtees.com"
106.39.217.152 - - [19/Sep/2022:20:24:10 -0700] "GET /yswimages/mlbdj-st-louis-cardinals-dog-jersey.jpg HTTP/1.1" 200 35229 "-" "Mozilla/5.0 (X11; Ubuntu; Linux x86_64; rv:72.0) Gecko/20100101 Firefox/72.0" "site.kooldawgtees.com"
106.14.65.228 - - [19/Sep/2022:20:32:23 -0700] "GET /yswimages/highlands-bed.jpg HTTP/1.1" 200 100692 "-" "Mozilla/5.0 (X11; Ubuntu; Linux x86_64; rv:72.0) Gecko/20100101 Firefox/72.0" "site.kooldawgtees.com"
116.198.10.1 - - [19/Sep/2022:20:50:31 -0700] "GET /yswimages/flophouse-foam-pad.jpg HTTP/1.1" 200 153512 "-" "Mozilla/5.0 (Windows NT 10.0; Win64; x64) AppleWebKit/537.36 (KHTML, like Gecko) Chrome/103.0.5060.134 Safari/537.36 Edg/103.0.1264.71" "site.kooldawgtees.com"
114.119.148.127 - - [19/Sep/2022:21:16:28 -0700] "GET /@site.kooldawgtees.com/SEHI/?C=N&percnt;3BO&percnt;3DD& HTTP/1.1" 200 369 "https://p11.secure.hostingprod.com/@site.kooldawgtees.com/SEHI/?C=N%3BO%3DA" "Mozilla/5.0 (Linux; Android 7.0;) AppleWebKit/537.36 (KHTML, like Gecko) Mobile Safari/537.36 (compatible; PetalBot;+https://webmaster.petalsearch.com/site/petalbot)" "p11.secure.hostingprod.com"
106.39.217.136 - - [19/Sep/2022:21:32:58 -0700] "GET /yswimages/nfldt765.jpg HTTP/1.1" 200 50973 "-" "Mozilla/5.0 (X11; Ubuntu; Linux x86_64; rv:72.0) Gecko/20100101 Firefox/72.0" "site.kooldawgtees.com"
103.7.29.105 - - [19/Sep/2022:21:50:35 -0700] "GET /yswimages/dogglesk9optix.jpg HTTP/1.1" 200 7528 "-" "Mozilla/5.0 (X11; Ubuntu; Linux x86_64; rv:72.0) Gecko/20100101 Firefox/72.0" "site.kooldawgtees.com"
163.220.128.41 - - [19/Sep/2022:22:05:58 -0700] "GET /yswimages/pecczw187.jpg HTTP/1.1" 200 72899 "-" "Mozilla/5.0 (X11; Ubuntu; Linux x86_64; rv:72.0) Gecko/20100101 Firefox/72.0" "site.kooldawgtees.com"
163.220.128.41 - - [19/Sep/2022:22:24:54 -0700] "GET /yswimages/doggles-bckpks.jpg HTTP/1.1" 200 11879 "-" "Mozilla/5.0 (X11; Ubuntu; Linux x86_64; rv:72.0) Gecko/20100101 Firefox/72.0" "site.kooldawgtees.com"
163.220.128.41 - - [19/Sep/2022:22:36:55 -0700] "GET /yswimages/bfasqsc.jpg HTTP/1.1" 200 15719 "-" "Mozilla/5.0 (X11; Ubuntu; Linux x86_64; rv:72.0) Gecko/20100101 Firefox/72.0" "site.kooldawgtees.com"
163.220.128.41 - - [19/Sep/2022:22:41:03 -0700] "GET /yswimages/pecczw260.jpg HTTP/1.1" 200 9032 "-" "Mozilla/5.0 (X11; Ubuntu; Linux x86_64; rv:72.0) Gecko/20100101 Firefox/72.0" "site.kooldawgtees.com"
183.71.252.115 - - [19/Sep/2022:23:02:39 -0700] "GET /yswimages/nfldj313.jpg HTTP/1.1" 200 39111 "-" "Mozilla/5.0 (X11; Ubuntu; Linux x86_64; rv:72.0) Gecko/20100101 Firefox/72.0" "site.kooldawgtees.com"
114.119.130.95 - - [19/Sep/2022:23:51:12 -0700] "GET /robots.txt HTTP/1.1" 200 59 "-" "Mozilla/5.0 (compatible;PetalBot;+https://webmaster.petalsearch.com/site/petalbot)" "site.kooldawgtees.com"
163.220.128.41 - - [19/Sep/2022:23:54:54 -0700] "GET /yswimages/pecczw9413.jpg HTTP/1.1" 200 24921 "-" "Mozilla/5.0 (X11; Ubuntu; Linux x86_64; rv:72.0) Gecko/20100101 Firefox/72.0" "site.kooldawgtees.com"
114.119.146.51 - - [20/Sep/2022:00:31:57 -0700] "GET /robots.txt HTTP/1.1" 200 59 "-" "Mozilla/5.0 (compatible;PetalBot;+https://webmaster.petalsearch.com/site/petalbot)" "site.kooldawgtees.com"
114.119.133.85 - - [20/Sep/2022:00:55:21 -0700] "GET /clipart/lines?C=D%3BO%3DA HTTP/1.1" 301 1428 "http://site.kooldawgtees.com/clipart/lines?C=M%3BO%3DA" "Mozilla/5.0 (compatible;PetalBot;+https://webmaster.petalsearch.com/site/petalbot)" "site.kooldawgtees.com"
114.119.133.85 - - [20/Sep/2022:00:55:23 -0700] "GET /clipart/lines/?C=D%3BO%3DA HTTP/1.1" 200 391 "http://site.kooldawgtees.com/clipart/lines?C=M%3BO%3DA" "Mozilla/5.0 (compatible;PetalBot;+https://webmaster.petalsearch.com/site/petalbot)" "site.kooldawgtees.com"
114.119.133.89 - - [20/Sep/2022:01:00:59 -0700] "GET /clipart/buttons/themes/?C=M%3BO%3DA HTTP/1.1" 200 578 "http://site.kooldawgtees.com/clipart/buttons/themes/?C=N%3BO%3DD" "Mozilla/5.0 (compatible;PetalBot;+https://webmaster.petalsearch.com/site/petalbot)" "site.kooldawgtees.com"
114.119.133.85 - - [20/Sep/2022:01:04:34 -0700] "GET /sitebuilder/docSQL/?C=D%3BO%3DA HTTP/1.1" 200 325 "http://site.kooldawgtees.com/sitebuilder/docSQL?C=S%3BO%3DA" "Mozilla/5.0 (compatible;PetalBot;+https://webmaster.petalsearch.com/site/petalbot)" "site.kooldawgtees.com"
203.119.241.107 - - [20/Sep/2022:01:11:05 -0700] "GET /yswimages/bfassfh.jpg HTTP/1.1" 200 10882 "-" "Mozilla/5.0 (X11; Ubuntu; Linux x86_64; rv:72.0) Gecko/20100101 Firefox/72.0" "site.kooldawgtees.com"
114.119.133.89 - - [20/Sep/2022:01:19:33 -0700] "GET /clipart/buttons/themes/glow/ HTTP/1.1" 200 419 "http://site.kooldawgtees.com/clipart/buttons/themes/?C=N%3BO%3DD" "Mozilla/5.0 (compatible;PetalBot;+https://webmaster.petalsearch.com/site/petalbot)" "site.kooldawgtees.com"
114.119.133.87 - - [20/Sep/2022:01:27:14 -0700] "GET /dickies-medical-uniforms/sitebuilder/?C=S%3BO%3DA HTTP/1.1" 200 402 "http://site.kooldawgtees.com/dickies-medical-uniforms/sitebuilder" "Mozilla/5.0 (compatible;PetalBot;+https://webmaster.petalsearch.com/site/petalbot)" "site.kooldawgtees.com"
115.156.91.37 - - [20/Sep/2022:01:31:20 -0700] "GET /yswimages/dallas-cowboys-football-cheerleader-outrfit-dog-dress.jpg HTTP/1.1" 200 11942 "-" "Mozilla/5.0 (X11; Ubuntu; Linux x86_64; rv:72.0) Gecko/20100101 Firefox/72.0" "site.kooldawgtees.com"
114.119.133.98 - - [20/Sep/2022:01:35:01 -0700] "GET /clipart/buttons/blank HTTP/1.1" 301 1421 "http://site.kooldawgtees.com/clipart/buttons?C=D%3BO%3DA" "Mozilla/5.0 (compatible;PetalBot;+https://webmaster.petalsearch.com/site/petalbot)" "site.kooldawgtees.com"
114.119.133.98 - - [20/Sep/2022:01:35:01 -0700] "GET /clipart/buttons/blank/ HTTP/1.1" 200 470 "http://site.kooldawgtees.com/clipart/buttons?C=D%3BO%3DA" "Mozilla/5.0 (compatible;PetalBot;+https://webmaster.petalsearch.com/site/petalbot)" "site.kooldawgtees.com"
114.119.134.1 - - [20/Sep/2022:01:41:08 -0700] "GET /clipart/backgrounds/fullpage/?C=S%3BO%3DA HTTP/1.1" 200 332 "http://site.kooldawgtees.com/clipart/backgrounds/fullpage/?C=N%3BO%3DD" "Mozilla/5.0 (compatible;PetalBot;+https://webmaster.petalsearch.com/site/petalbot)" "site.kooldawgtees.com"
114.119.134.1 - - [20/Sep/2022:01:45:27 -0700] "GET /sounds?C=S%3BO%3DA HTTP/1.1" 301 1423 "http://site.kooldawgtees.com/sounds?C=M%3BO%3DA" "Mozilla/5.0 (compatible;PetalBot;+https://webmaster.petalsearch.com/site/petalbot)" "site.kooldawgtees.com"
114.119.134.1 - - [20/Sep/2022:01:45:28 -0700] "GET /sounds/?C=S%3BO%3DA HTTP/1.1" 200 499 "http://site.kooldawgtees.com/sounds?C=M%3BO%3DA" "Mozilla/5.0 (compatible;PetalBot;+https://webmaster.petalsearch.com/site/petalbot)" "site.kooldawgtees.com"
114.119.133.98 - - [20/Sep/2022:01:50:00 -0700] "GET /clipart/images?C=N%3BO%3DD HTTP/1.1" 301 1429 "http://site.kooldawgtees.com/clipart/images" "Mozilla/5.0 (compatible;PetalBot;+https://webmaster.petalsearch.com/site/petalbot)" "site.kooldawgtees.com"
114.119.133.98 - - [20/Sep/2022:01:50:01 -0700] "GET /clipart/images/?C=N%3BO%3DD HTTP/1.1" 200 387 "http://site.kooldawgtees.com/clipart/images" "Mozilla/5.0 (compatible;PetalBot;+https://webmaster.petalsearch.com/site/petalbot)" "site.kooldawgtees.com"
114.119.133.98 - - [20/Sep/2022:01:52:09 -0700] "GET /clipart/buttons/themes/tripledot_red/ HTTP/1.1" 200 426 "http://site.kooldawgtees.com/clipart/buttons/themes/?C=N%3BO%3DD" "Mozilla/5.0 (compatible;PetalBot;+https://webmaster.petalsearch.com/site/petalbot)" "site.kooldawgtees.com"
114.119.134.1 - - [20/Sep/2022:02:04:07 -0700] "GET / HTTP/1.1" 200 833 "http://site.kooldawgtees.com/media" "Mozilla/5.0 (compatible;PetalBot;+https://webmaster.petalsearch.com/site/petalbot)" "site.kooldawgtees.com"
34.198.236.55 - - [20/Sep/2022:02:06:25 -0700] "GET /yswimages/lat3902-3xdoggie-tank.jpg HTTP/1.1" 200 6110 "-" "Mozilla/5.0 (X11; Ubuntu; Linux x86_64; rv:72.0) Gecko/20100101 Firefox/72.0" "site.kooldawgtees.com"
135.181.213.220 - - [20/Sep/2022:02:06:31 -0700] "GET /robots.txt HTTP/1.1" 200 43 "-" "Mozilla/5.0 (compatible; MJ12bot/v1.4.8; http://mj12bot.com/)" "site.kooldawgtees.com"
135.181.213.220 - - [20/Sep/2022:02:06:32 -0700] "GET /clipart/buttons/?D=A HTTP/1.1" 200 436 "-" "Mozilla/5.0 (compatible; MJ12bot/v1.4.8; http://mj12bot.com/)" "site.kooldawgtees.com"
135.181.213.220 - - [20/Sep/2022:02:06:34 -0700] "GET /clipart/buttons/?N=D HTTP/1.1" 200 436 "-" "Mozilla/5.0 (compatible; MJ12bot/v1.4.8; http://mj12bot.com/)" "site.kooldawgtees.com"
135.181.213.220 - - [20/Sep/2022:02:06:36 -0700] "GET /clipart/buttons/?S=A HTTP/1.1" 200 436 "-" "Mozilla/5.0 (compatible; MJ12bot/v1.4.8; http://mj12bot.com/)" "site.kooldawgtees.com"
135.181.213.220 - - [20/Sep/2022:02:06:38 -0700] "GET /clipart/buttons/blank/?M=D HTTP/1.1" 200 470 "-" "Mozilla/5.0 (compatible; MJ12bot/v1.4.8; http://mj12bot.com/)" "site.kooldawgtees.com"
135.181.213.220 - - [20/Sep/2022:02:06:40 -0700] "GET /clipart/buttons/blank/?N=A HTTP/1.1" 200 470 "-" "Mozilla/5.0 (compatible; MJ12bot/v1.4.8; http://mj12bot.com/)" "site.kooldawgtees.com"
135.181.213.220 - - [20/Sep/2022:02:06:42 -0700] "GET /clipart/buttons/paypal/buy_now/?C=D;O=D HTTP/1.1" 200 405 "-" "Mozilla/5.0 (compatible; MJ12bot/v1.4.8; http://mj12bot.com/)" "site.kooldawgtees.com"
135.181.213.220 - - [20/Sep/2022:02:06:43 -0700] "GET /clipart/buttons/paypal/buy_now/?C=M;O=D HTTP/1.1" 200 405 "-" "Mozilla/5.0 (compatible; MJ12bot/v1.4.8; http://mj12bot.com/)" "site.kooldawgtees.com"
135.181.213.220 - - [20/Sep/2022:02:06:45 -0700] "GET /clipart/buttons/paypal/buy_now/?C=N;O=A HTTP/1.1" 200 405 "-" "Mozilla/5.0 (compatible; MJ12bot/v1.4.8; http://mj12bot.com/)" "site.kooldawgtees.com"
135.181.213.220 - - [20/Sep/2022:02:06:47 -0700] "GET /clipart/buttons/paypal/buy_now/?C=S;O=D HTTP/1.1" 200 405 "-" "Mozilla/5.0 (compatible; MJ12bot/v1.4.8; http://mj12bot.com/)" "site.kooldawgtees.com"
135.181.213.220 - - [20/Sep/2022:02:06:49 -0700] "GET /sitebuilder/?C=D;O=D HTTP/1.1" 200 607 "-" "Mozilla/5.0 (compatible; MJ12bot/v1.4.8; http://mj12bot.com/)" "site.kooldawgtees.com"
135.181.213.220 - - [20/Sep/2022:02:06:51 -0700] "GET /sitebuilder/?C=M;O=D HTTP/1.1" 200 604 "-" "Mozilla/5.0 (compatible; MJ12bot/v1.4.8; http://mj12bot.com/)" "site.kooldawgtees.com"
135.181.213.220 - - [20/Sep/2022:02:06:53 -0700] "GET /sitebuilder/?C=N;O=A HTTP/1.1" 200 600 "-" "Mozilla/5.0 (compatible; MJ12bot/v1.4.8; http://mj12bot.com/)" "site.kooldawgtees.com"
135.181.213.220 - - [20/Sep/2022:02:06:54 -0700] "GET /sitebuilder/?C=S;O=D HTTP/1.1" 200 598 "-" "Mozilla/5.0 (compatible; MJ12bot/v1.4.8; http://mj12bot.com/)" "site.kooldawgtees.com"
135.181.213.220 - - [20/Sep/2022:02:06:56 -0700] "GET /sitebuilder/css/?C=D;O=D HTTP/1.1" 200 376 "-" "Mozilla/5.0 (compatible; MJ12bot/v1.4.8; http://mj12bot.com/)" "site.kooldawgtees.com"
135.181.213.220 - - [20/Sep/2022:02:06:58 -0700] "GET /sitebuilder/css/?C=M;O=D HTTP/1.1" 200 376 "-" "Mozilla/5.0 (compatible; MJ12bot/v1.4.8; http://mj12bot.com/)" "site.kooldawgtees.com"
135.181.213.220 - - [20/Sep/2022:02:07:00 -0700] "GET /sitebuilder/css/?C=N;O=A HTTP/1.1" 200 377 "-" "Mozilla/5.0 (compatible; MJ12bot/v1.4.8; http://mj12bot.com/)" "site.kooldawgtees.com"
135.181.213.220 - - [20/Sep/2022:02:07:01 -0700] "GET /sitebuilder/css/?C=S;O=D HTTP/1.1" 200 376 "-" "Mozilla/5.0 (compatible; MJ12bot/v1.4.8; http://mj12bot.com/)" "site.kooldawgtees.com"
135.181.213.220 - - [20/Sep/2022:02:07:03 -0700] "GET /sitebuilder/images/ HTTP/1.1" 200 323 "-" "Mozilla/5.0 (compatible; MJ12bot/v1.4.8; http://mj12bot.com/)" "site.kooldawgtees.com"
114.119.134.1 - - [20/Sep/2022:02:11:39 -0700] "GET /default/navigation_bars HTTP/1.1" 301 1422 "http://site.kooldawgtees.com/default?C=M%3BO%3DA" "Mozilla/5.0 (compatible;PetalBot;+https://webmaster.petalsearch.com/site/petalbot)" "site.kooldawgtees.com"
114.119.134.1 - - [20/Sep/2022:02:11:40 -0700] "GET /default/navigation_bars/ HTTP/1.1" 200 327 "http://site.kooldawgtees.com/default?C=M%3BO%3DA" "Mozilla/5.0 (compatible;PetalBot;+https://webmaster.petalsearch.com/site/petalbot)" "site.kooldawgtees.com"
128.1.132.67 - - [20/Sep/2022:02:13:15 -0700] "GET /yswimages/premierpetrab.jpg HTTP/1.1" 200 5003 "-" "Mozilla/5.0 (X11; Ubuntu; Linux x86_64; rv:72.0) Gecko/20100101 Firefox/72.0" "site.kooldawgtees.com"
106.39.217.136 - - [20/Sep/2022:02:15:14 -0700] "GET /yswimages/pet-studio-ramp-steps-two-step.jpg HTTP/1.1" 200 66726 "-" "Mozilla/5.0 (X11; Ubuntu; Linux x86_64; rv:72.0) Gecko/20100101 Firefox/72.0" "site.kooldawgtees.com"
114.119.133.89 - - [20/Sep/2022:02:26:10 -0700] "GET /clipart/buttons/themes/bubble/?C=S%3BO%3DA HTTP/1.1" 200 381 "http://site.kooldawgtees.com/clipart/buttons/themes/bubble?C=M%3BO%3DA" "Mozilla/5.0 (compatible;PetalBot;+https://webmaster.petalsearch.com/site/petalbot)" "site.kooldawgtees.com"
106.39.217.136 - - [20/Sep/2022:02:28:02 -0700] "GET /yswimages/ruffweark9overcoatredcur.jpg HTTP/1.1" 200 173217 "-" "Mozilla/5.0 (X11; Ubuntu; Linux x86_64; rv:72.0) Gecko/20100101 Firefox/72.0" "site.kooldawgtees.com"
114.119.133.98 - - [20/Sep/2022:02:31:31 -0700] "GET /clipart/pageHeaders?C=S%3BO%3DA HTTP/1.1" 301 1432 "http://site.kooldawgtees.com/clipart/pageHeaders?C=M%3BO%3DA" "Mozilla/5.0 (compatible;PetalBot;+https://webmaster.petalsearch.com/site/petalbot)" "site.kooldawgtees.com"
114.119.133.98 - - [20/Sep/2022:02:31:32 -0700] "GET /clipart/pageHeaders/?C=S%3BO%3DA HTTP/1.1" 200 685 "http://site.kooldawgtees.com/clipart/pageHeaders?C=M%3BO%3DA" "Mozilla/5.0 (compatible;PetalBot;+https://webmaster.petalsearch.com/site/petalbot)" "site.kooldawgtees.com"
106.39.217.152 - - [20/Sep/2022:02:33:34 -0700] "GET /yswimages/doggles-pcmd.jpg HTTP/1.1" 200 17282 "-" "Mozilla/5.0 (X11; Ubuntu; Linux x86_64; rv:72.0) Gecko/20100101 Firefox/72.0" "site.kooldawgtees.com"
114.119.134.1 - - [20/Sep/2022:02:36:58 -0700] "GET /dog_clothes/?C=S%3BO%3DA HTTP/1.1" 200 315 "http://site.kooldawgtees.com/dog_clothes/?C=D%3BO%3DA" "Mozilla/5.0 (compatible;PetalBot;+https://webmaster.petalsearch.com/site/petalbot)" "site.kooldawgtees.com"
114.119.133.87 - - [20/Sep/2022:02:39:36 -0700] "GET /dog_clothes/?C=N%3BO%3DD HTTP/1.1" 200 315 "http://site.kooldawgtees.com/dog_clothes/?C=D%3BO%3DA" "Mozilla/5.0 (compatible;PetalBot;+https://webmaster.petalsearch.com/site/petalbot)" "site.kooldawgtees.com"
106.39.217.152 - - [20/Sep/2022:02:43:17 -0700] "GET /yswimages/pecczwcc-sweat-spkletree.jpg HTTP/1.1" 200 99211 "-" "Mozilla/5.0 (X11; Ubuntu; Linux x86_64; rv:72.0) Gecko/20100101 Firefox/72.0" "site.kooldawgtees.com"
106.39.217.136 - - [20/Sep/2022:02:53:36 -0700] "GET /yswimages/mlbdjcubs1433.jpg HTTP/1.1" 200 41453 "-" "Mozilla/5.0 (X11; Ubuntu; Linux x86_64; rv:72.0) Gecko/20100101 Firefox/72.0" "site.kooldawgtees.com"
106.39.217.152 - - [20/Sep/2022:03:03:08 -0700] "GET /yswimages/highlands-bed.jpg HTTP/1.1" 200 100692 "-" "Mozilla/5.0 (X11; Ubuntu; Linux x86_64; rv:72.0) Gecko/20100101 Firefox/72.0" "site.kooldawgtees.com"
94.23.203.52 - - [20/Sep/2022:03:04:28 -0700] "GET /robots.txt HTTP/1.1" 200 43 "-" "Mozilla/5.0 (compatible; MJ12bot/v1.4.8; http://mj12bot.com/)" "site.kooldawgtees.com"
94.23.203.52 - - [20/Sep/2022:03:04:30 -0700] "GET /sitebuilder/kooldawgtees_catalog.xml HTTP/1.1" 200 110916 "-" "Mozilla/5.0 (compatible; MJ12bot/v1.4.8; http://mj12bot.com/)" "site.kooldawgtees.com"
87.250.224.78 - - [20/Sep/2022:03:09:37 -0700] "GET /robots.txt HTTP/1.1" 200 43 "-" "Mozilla/5.0 (compatible; YandexBot/3.0; +http://yandex.com/bots)" "site.kooldawgtees.com"
87.250.224.103 - - [20/Sep/2022:03:09:41 -0700] "GET /yswimages/ HTTP/1.1" 200 12010 "-" "Mozilla/5.0 (compatible; YandexBot/3.0; +http://yandex.com/bots)" "site.kooldawgtees.com"
87.250.224.120 - - [20/Sep/2022:03:09:55 -0700] "GET /yswimages/logo-pet-collapsing-water-bowl.jpg HTTP/1.1" 200 68048 "-" "Mozilla/5.0 (compatible; YandexImages/3.0; +http://yandex.com/bots)" "site.kooldawgtees.com"
5.255.253.113 - - [20/Sep/2022:03:09:59 -0700] "GET /yswimages/petp91041.jpg HTTP/1.1" 200 67853 "-" "Mozilla/5.0 (compatible; YandexImages/3.0; +http://yandex.com/bots)" "site.kooldawgtees.com"
87.250.224.90 - - [20/Sep/2022:03:10:01 -0700] "GET /yswimages/dog-biker-motorcycle-clothes-slide.jpg HTTP/1.1" 200 41208 "-" "Mozilla/5.0 (compatible; YandexImages/3.0; +http://yandex.com/bots)" "site.kooldawgtees.com"
5.45.207.112 - - [20/Sep/2022:03:10:03 -0700] "GET /yswimages/mlbdtdetriottigers1599.jpg HTTP/1.1" 200 48427 "-" "Mozilla/5.0 (compatible; YandexImages/3.0; +http://yandex.com/bots)" "site.kooldawgtees.com"
5.45.207.137 - - [20/Sep/2022:03:10:06 -0700] "GET /yswimages/peccza617grn.jpg HTTP/1.1" 304 - "-" "Mozilla/5.0 (compatible; YandexImages/3.0; +http://yandex.com/bots)" "site.kooldawgtees.com"
87.250.224.50 - - [20/Sep/2022:03:10:08 -0700] "GET /yswimages/nfldjpantrscalt.jpg HTTP/1.1" 200 25843 "-" "Mozilla/5.0 (compatible; YandexImages/3.0; +http://yandex.com/bots)" "site.kooldawgtees.com"
95.108.213.23 - - [20/Sep/2022:03:10:10 -0700] "GET /yswimages/leslie-bears-custom-stuffed-animals.jpg HTTP/1.1" 304 - "-" "Mozilla/5.0 (compatible; YandexImages/3.0; +http://yandex.com/bots)" "site.kooldawgtees.com"
5.45.207.136 - - [20/Sep/2022:03:10:12 -0700] "GET /yswimages/dgilshinypnkpink02.jpg HTTP/1.1" 304 - "-" "Mozilla/5.0 (compatible; YandexImages/3.0; +http://yandex.com/bots)" "site.kooldawgtees.com"
87.250.224.163 - - [20/Sep/2022:03:10:14 -0700] "GET /yswimages/dgilshinypnkpink02.jpg HTTP/1.1" 304 - "-" "Mozilla/5.0 (compatible; YandexBot/3.0; +http://yandex.com/bots)" "site.kooldawgtees.com"
213.180.203.74 - - [20/Sep/2022:03:10:16 -0700] "GET /yswimages/mlbdj-philadelphia-phillies-dog-jersey.jpg HTTP/1.1" 200 36038 "-" "Mozilla/5.0 (compatible; YandexImages/3.0; +http://yandex.com/bots)" "site.kooldawgtees.com"
5.255.253.113 - - [20/Sep/2022:03:10:18 -0700] "GET /yswimages/plush-q-t-9-stuffed-animals-2.jpg HTTP/1.1" 304 - "-" "Mozilla/5.0 (compatible; YandexImages/3.0; +http://yandex.com/bots)" "site.kooldawgtees.com"
87.250.224.51 - - [20/Sep/2022:03:10:20 -0700] "GET /yswimages/ruff-wear-leap-banner.jpg HTTP/1.1" 200 84581 "-" "Mozilla/5.0 (compatible; YandexImages/3.0; +http://yandex.com/bots)" "site.kooldawgtees.com"
87.250.224.90 - - [20/Sep/2022:03:10:22 -0700] "GET /yswimages/peccza810mgta.jpg HTTP/1.1" 200 85137 "-" "Mozilla/5.0 (compatible; YandexImages/3.0; +http://yandex.com/bots)" "site.kooldawgtees.com"
5.45.207.112 - - [20/Sep/2022:03:10:24 -0700] "GET /yswimages/nfldj334.jpg HTTP/1.1" 200 47111 "-" "Mozilla/5.0 (compatible; YandexImages/3.0; +http://yandex.com/bots)" "site.kooldawgtees.com"
5.45.207.137 - - [20/Sep/2022:03:10:26 -0700] "GET /yswimages/mlbdt-philadelphia-phillies-dog-tee-shirt.jpg HTTP/1.1" 200 8217 "-" "Mozilla/5.0 (compatible; YandexImages/3.0; +http://yandex.com/bots)" "site.kooldawgtees.com"
95.108.213.39 - - [20/Sep/2022:03:10:28 -0700] "GET /yswimages/ruffwear-cloud-chaser-blk.jpg HTTP/1.1" 200 39621 "-" "Mozilla/5.0 (compatible; YandexImages/3.0; +http://yandex.com/bots)" "site.kooldawgtees.com"
5.255.231.116 - - [20/Sep/2022:03:10:30 -0700] "GET /yswimages/nfldt819.jpg HTTP/1.1" 200 48756 "-" "Mozilla/5.0 (compatible; YandexImages/3.0; +http://yandex.com/bots)" "site.kooldawgtees.com"
5.45.207.102 - - [20/Sep/2022:03:10:32 -0700] "GET /yswimages/mlb-dj-minnesota-twins-dog-jersey-1441.jpg HTTP/1.1" 304 - "-" "Mozilla/5.0 (compatible; YandexImages/3.0; +http://yandex.com/bots)" "site.kooldawgtees.com"
5.45.207.136 - - [20/Sep/2022:03:10:33 -0700] "GET /yswimages/fido-fleece-summer-plaid-dog-coat.jpg HTTP/1.1" 200 140680 "-" "Mozilla/5.0 (compatible; YandexImages/3.0; +http://yandex.com/bots)" "site.kooldawgtees.com"
5.255.231.129 - - [20/Sep/2022:03:10:35 -0700] "GET /yswimages/fido-fleece-summer-plaid-dog-coat.jpg HTTP/1.1" 200 140680 "-" "Mozilla/5.0 (compatible; YandexBot/3.0; +http://yandex.com/bots)" "site.kooldawgtees.com"
213.180.203.74 - - [20/Sep/2022:03:10:37 -0700] "GET /yswimages/christmas-holiday-dog-slide.jpg HTTP/1.1" 200 63756 "-" "Mozilla/5.0 (compatible; YandexImages/3.0; +http://yandex.com/bots)" "site.kooldawgtees.com"
5.45.207.90 - - [20/Sep/2022:03:10:39 -0700] "GET /yswimages/dogglestshirts.jpg HTTP/1.1" 200 5988 "-" "Mozilla/5.0 (compatible; YandexImages/3.0; +http://yandex.com/bots)" "site.kooldawgtees.com"
5.255.253.142 - - [20/Sep/2022:03:10:41 -0700] "GET /yswimages/promo-pet.jpg HTTP/1.1" 200 44511 "-" "Mozilla/5.0 (compatible; YandexImages/3.0; +http://yandex.com/bots)" "site.kooldawgtees.com"
5.255.231.105 - - [20/Sep/2022:03:10:42 -0700] "GET /yswimages/mlbdthoustonastros1601.jpg HTTP/1.1" 304 - "-" "Mozilla/5.0 (compatible; YandexImages/3.0; +http://yandex.com/bots)" "site.kooldawgtees.com"
159.138.137.41 - - [20/Sep/2022:03:18:15 -0700] "GET /yswimages/doggles.jpg HTTP/1.1" 200 50040 "-" "Mozilla/5.0 (X11; Ubuntu; Linux x86_64; rv:72.0) Gecko/20100101 Firefox/72.0" "site.kooldawgtees.com"
5.255.253.113 - - [20/Sep/2022:03:21:42 -0700] "GET /yswimages/ HTTP/1.1" 200 12010 "-" "Mozilla/5.0 (compatible; YandexBot/3.0; +http://yandex.com/bots)" "site.kooldawgtees.com"
114.119.134.1 - - [20/Sep/2022:03:28:23 -0700] "GET /ssl/?C=S%3BO%3DD HTTP/1.1" 302 1435 "http://site.kooldawgtees.com/ssl/?C=S%3BO%3DA" "Mozilla/5.0 (compatible;PetalBot;+https://webmaster.petalsearch.com/site/petalbot)" "site.kooldawgtees.com"
114.119.134.1 - - [20/Sep/2022:03:34:49 -0700] "GET /buying-guide HTTP/1.1" 301 1414 "http://site.kooldawgtees.com/?C=M%3BO%3DA" "Mozilla/5.0 (compatible;PetalBot;+https://webmaster.petalsearch.com/site/petalbot)" "site.kooldawgtees.com"
114.119.134.1 - - [20/Sep/2022:03:34:51 -0700] "GET /buying-guide/ HTTP/1.1" 200 316 "http://site.kooldawgtees.com/?C=M%3BO%3DA" "Mozilla/5.0 (compatible;PetalBot;+https://webmaster.petalsearch.com/site/petalbot)" "site.kooldawgtees.com"
203.119.241.121 - - [20/Sep/2022:03:40:12 -0700] "GET /yswimages/dog-clothes-tiff-monkey-business-dog-jackets.jpg HTTP/1.1" 200 68651 "-" "Mozilla/5.0 (X11; Ubuntu; Linux x86_64; rv:72.0) Gecko/20100101 Firefox/72.0" "site.kooldawgtees.com"
114.119.133.98 - - [20/Sep/2022:03:41:28 -0700] "GET /images/stampsbrowse_class.htm HTTP/1.1" 200 3206 "http://site.kooldawgtees.com/images?C=D%3BO%3DA" "Mozilla/5.0 (compatible;PetalBot;+https://webmaster.petalsearch.com/site/petalbot)" "site.kooldawgtees.com"
5.255.253.169 - - [20/Sep/2022:03:47:11 -0700] "GET /robots.txt HTTP/1.1" 200 43 "-" "Mozilla/5.0 (compatible; YandexBot/3.0; +http://yandex.com/bots)" "site.kooldawgtees.com"
95.108.213.23 - - [20/Sep/2022:03:47:15 -0700] "GET /yswimages/ HTTP/1.1" 200 12010 "-" "Mozilla/5.0 (compatible; YandexBot/3.0; +http://yandex.com/bots)" "site.kooldawgtees.com"
114.119.133.98 - - [20/Sep/2022:03:53:26 -0700] "GET /sounds/?C=D%3BO%3DA HTTP/1.1" 200 499 "http://site.kooldawgtees.com/sounds/" "Mozilla/5.0 (compatible;PetalBot;+https://webmaster.petalsearch.com/site/petalbot)" "site.kooldawgtees.com"
114.119.133.85 - - [20/Sep/2022:03:56:12 -0700] "GET /clipart/backgrounds/sidebar?C=M%3BO%3DA HTTP/1.1" 301 1433 "http://site.kooldawgtees.com/clipart/backgrounds/sidebar" "Mozilla/5.0 (compatible;PetalBot;+https://webmaster.petalsearch.com/site/petalbot)" "site.kooldawgtees.com"
114.119.133.85 - - [20/Sep/2022:03:56:13 -0700] "GET /clipart/backgrounds/sidebar/?C=M%3BO%3DA HTTP/1.1" 200 331 "http://site.kooldawgtees.com/clipart/backgrounds/sidebar" "Mozilla/5.0 (compatible;PetalBot;+https://webmaster.petalsearch.com/site/petalbot)" "site.kooldawgtees.com"
114.119.133.89 - - [20/Sep/2022:04:15:22 -0700] "GET /navigation_bars/?C=S%3BO%3DA HTTP/1.1" 200 678 "http://site.kooldawgtees.com/navigation_bars" "Mozilla/5.0 (compatible;PetalBot;+https://webmaster.petalsearch.com/site/petalbot)" "site.kooldawgtees.com"
114.119.133.98 - - [20/Sep/2022:04:18:03 -0700] "GET /media?C=M%3BO%3DA HTTP/1.1" 301 1423 "http://site.kooldawgtees.com/media?C=S%3BO%3DA" "Mozilla/5.0 (compatible;PetalBot;+https://webmaster.petalsearch.com/site/petalbot)" "site.kooldawgtees.com"
106.39.217.152 - - [20/Sep/2022:04:18:15 -0700] "GET /yswimages/peccza630.jpg HTTP/1.1" 200 8941 "-" "Mozilla/5.0 (X11; Ubuntu; Linux x86_64; rv:72.0) Gecko/20100101 Firefox/72.0" "site.kooldawgtees.com"
5.45.207.90 - - [20/Sep/2022:04:45:13 -0700] "GET /robots.txt HTTP/1.1" 200 43 "-" "Mozilla/5.0 (compatible; YandexBot/3.0; +http://yandex.com/bots)" "site.kooldawgtees.com"
5.255.253.160 - - [20/Sep/2022:04:45:17 -0700] "GET /sitebuilder/ HTTP/1.1" 200 600 "-" "Mozilla/5.0 (compatible; YandexBot/3.0; +http://yandex.com/bots)" "site.kooldawgtees.com"
114.119.134.1 - - [20/Sep/2022:04:47:53 -0700] "GET /clipart/images/sidebars/?C=S%3BO%3DA HTTP/1.1" 200 600 "http://site.kooldawgtees.com/clipart/images/sidebars?C=D%3BO%3DA" "Mozilla/5.0 (compatible;PetalBot;+https://webmaster.petalsearch.com/site/petalbot)" "site.kooldawgtees.com"
114.119.133.87 - - [20/Sep/2022:04:59:45 -0700] "GET /dickies-medical-uniforms/sitebuilder/images?C=N%3BO%3DD HTTP/1.1" 301 1448 "http://site.kooldawgtees.com/dickies-medical-uniforms/sitebuilder/images?C=D%3BO%3DA" "Mozilla/5.0 (compatible;PetalBot;+https://webmaster.petalsearch.com/site/petalbot)" "site.kooldawgtees.com"
114.119.133.87 - - [20/Sep/2022:04:59:45 -0700] "GET /dickies-medical-uniforms/sitebuilder/images/?C=N%3BO%3DD HTTP/1.1" 200 386 "http://site.kooldawgtees.com/dickies-medical-uniforms/sitebuilder/images?C=D%3BO%3DA" "Mozilla/5.0 (compatible;PetalBot;+https://webmaster.petalsearch.com/site/petalbot)" "site.kooldawgtees.com"
114.119.133.87 - - [20/Sep/2022:05:02:56 -0700] "GET /applets/?C=D%3BO%3DA HTTP/1.1" 200 313 "http://site.kooldawgtees.com/applets/?C=N%3BO%3DD" "Mozilla/5.0 (compatible;PetalBot;+https://webmaster.petalsearch.com/site/petalbot)" "site.kooldawgtees.com"
203.119.241.109 - - [20/Sep/2022:05:19:00 -0700] "GET /yswimages/wooftmc044225.jpg HTTP/1.1" 200 7586 "-" "Mozilla/5.0 (X11; Ubuntu; Linux x86_64; rv:72.0) Gecko/20100101 Firefox/72.0" "site.kooldawgtees.com"
183.71.252.125 - - [20/Sep/2022:05:19:19 -0700] "GET /yswimages/bfassfh.jpg HTTP/1.1" 200 10882 "-" "Mozilla/5.0 (X11; Ubuntu; Linux x86_64; rv:72.0) Gecko/20100101 Firefox/72.0" "site.kooldawgtees.com"
116.198.15.47 - - [20/Sep/2022:05:36:07 -0700] "GET /yswimages/dogglesk9optix.jpg HTTP/1.1" 200 7528 "-" "Mozilla/5.0 (Windows NT 10.0; Win64; x64) AppleWebKit/537.36 (KHTML, like Gecko) Chrome/103.0.5060.134 Safari/537.36 Edg/103.0.1264.71" "site.kooldawgtees.com"
114.119.133.89 - - [20/Sep/2022:05:44:10 -0700] "GET /navigation_bars/?C=N%3BO%3DD HTTP/1.1" 200 678 "http://site.kooldawgtees.com/navigation_bars" "Mozilla/5.0 (compatible;PetalBot;+https://webmaster.petalsearch.com/site/petalbot)" "site.kooldawgtees.com"
114.119.133.98 - - [20/Sep/2022:06:09:17 -0700] "GET /applets?C=N%3BO%3DD HTTP/1.1" 301 1424 "http://site.kooldawgtees.com/applets?C=D%3BO%3DA" "Mozilla/5.0 (compatible;PetalBot;+https://webmaster.petalsearch.com/site/petalbot)" "site.kooldawgtees.com"
114.119.133.98 - - [20/Sep/2022:06:09:19 -0700] "GET /applets/?C=N%3BO%3DD HTTP/1.1" 200 313 "http://site.kooldawgtees.com/applets?C=D%3BO%3DA" "Mozilla/5.0 (compatible;PetalBot;+https://webmaster.petalsearch.com/site/petalbot)" "site.kooldawgtees.com"
114.119.133.98 - - [20/Sep/2022:06:12:45 -0700] "GET /sitebuilder/images/?C=M%3BO%3DA HTTP/1.1" 200 323 "http://site.kooldawgtees.com/sitebuilder/images" "Mozilla/5.0 (compatible;PetalBot;+https://webmaster.petalsearch.com/site/petalbot)" "site.kooldawgtees.com"
114.119.133.98 - - [20/Sep/2022:06:16:03 -0700] "GET /dickies-medical-uniforms/sitebuilder/images/thumbnails/?C=D%3BO%3DA HTTP/1.1" 200 349 "http://site.kooldawgtees.com/dickies-medical-uniforms/sitebuilder/images/thumbnails/?C=S%3BO%3DA" "Mozilla/5.0 (compatible;PetalBot;+https://webmaster.petalsearch.com/site/petalbot)" "site.kooldawgtees.com"
114.119.133.85 - - [20/Sep/2022:06:45:04 -0700] "GET /navigation_bars/KDT-dickies-nav2.nav HTTP/1.1" 200 6867 "-" "Mozilla/5.0 (compatible;PetalBot;+https://webmaster.petalsearch.com/site/petalbot)" "site.kooldawgtees.com"
5.161.89.173 - - [20/Sep/2022:06:47:08 -0700] "GET /yswimages/dallas-cowboys-football-cheerleader-outrfit-dog-dress.jpg HTTP/1.1" 200 11942 "-" "Mozilla/5.0 (X11; Ubuntu; Linux x86_64; rv:72.0) Gecko/20100101 Firefox/72.0" "site.kooldawgtees.com"
106.39.217.136 - - [20/Sep/2022:07:13:17 -0700] "GET /yswimages/mlbvdjac1305.jpg HTTP/1.1" 200 36353 "-" "Mozilla/5.0 (X11; Ubuntu; Linux x86_64; rv:72.0) Gecko/20100101 Firefox/72.0" "site.kooldawgtees.com"
114.119.133.85 - - [20/Sep/2022:07:32:48 -0700] "GET /clipart/backgrounds/sidebar?C=D%3BO%3DA HTTP/1.1" 301 1433 "http://site.kooldawgtees.com/clipart/backgrounds/sidebar" "Mozilla/5.0 (compatible;PetalBot;+https://webmaster.petalsearch.com/site/petalbot)" "site.kooldawgtees.com"
114.119.136.24 - - [20/Sep/2022:07:32:49 -0700] "GET /?C=S%3BO%3DA HTTP/1.1" 200 833 "http://site.kooldawgtees.com" "Mozilla/5.0 (Linux; Android 7.0;) AppleWebKit/537.36 (KHTML, like Gecko) Mobile Safari/537.36 (compatible; PetalBot;+https://webmaster.petalsearch.com/site/petalbot)" "site.kooldawgtees.com"
114.119.133.85 - - [20/Sep/2022:07:32:49 -0700] "GET /clipart/backgrounds/sidebar/?C=D%3BO%3DA HTTP/1.1" 200 331 "http://site.kooldawgtees.com/clipart/backgrounds/sidebar" "Mozilla/5.0 (compatible;PetalBot;+https://webmaster.petalsearch.com/site/petalbot)" "site.kooldawgtees.com"
128.1.132.67 - - [20/Sep/2022:07:34:35 -0700] "GET /yswimages/dog-clothes-tiff-monkey-business-dog-jackets.jpg HTTP/1.1" 200 68651 "-" "Mozilla/5.0 (X11; Ubuntu; Linux x86_64; rv:72.0) Gecko/20100101 Firefox/72.0" "site.kooldawgtees.com"
37.230.186.130 - - [20/Sep/2022:07:37:32 -0700] "GET /yswimages/flophouse-foam-pad.jpg HTTP/1.1" 200 153512 "-" "Python/3.7 aiohttp/3.8.1" "site.kooldawgtees.com"
114.119.133.87 - - [20/Sep/2022:07:38:53 -0700] "GET /html?C=N%3BO%3DD HTTP/1.1" 301 1422 "http://site.kooldawgtees.com/html?C=M%3BO%3DA" "Mozilla/5.0 (compatible;PetalBot;+https://webmaster.petalsearch.com/site/petalbot)" "site.kooldawgtees.com"
114.119.133.87 - - [20/Sep/2022:07:38:54 -0700] "GET /html/?C=N%3BO%3DD HTTP/1.1" 200 308 "http://site.kooldawgtees.com/html?C=M%3BO%3DA" "Mozilla/5.0 (compatible;PetalBot;+https://webmaster.petalsearch.com/site/petalbot)" "site.kooldawgtees.com"
114.119.133.87 - - [20/Sep/2022:07:44:50 -0700] "GET /clipart/images?C=N%3BO%3DD HTTP/1.1" 301 1429 "http://site.kooldawgtees.com/clipart/images" "Mozilla/5.0 (compatible;PetalBot;+https://webmaster.petalsearch.com/site/petalbot)" "site.kooldawgtees.com"
114.119.133.87 - - [20/Sep/2022:07:44:51 -0700] "GET /clipart/images/?C=N%3BO%3DD HTTP/1.1" 200 387 "http://site.kooldawgtees.com/clipart/images" "Mozilla/5.0 (compatible;PetalBot;+https://webmaster.petalsearch.com/site/petalbot)" "site.kooldawgtees.com"
203.119.241.93 - - [20/Sep/2022:07:48:17 -0700] "GET /yswimages/flophouse-foam-pad.jpg HTTP/1.1" 200 153512 "-" "Mozilla/5.0 (X11; Ubuntu; Linux x86_64; rv:72.0) Gecko/20100101 Firefox/72.0" "site.kooldawgtees.com"
114.119.134.1 - - [20/Sep/2022:07:58:05 -0700] "GET /clipart/buttons/paypal HTTP/1.1" 301 1423 "http://site.kooldawgtees.com/clipart/buttons/paypal/buy_now?C=N%3BO%3DD" "Mozilla/5.0 (compatible;PetalBot;+https://webmaster.petalsearch.com/site/petalbot)" "site.kooldawgtees.com"
114.119.134.1 - - [20/Sep/2022:07:58:06 -0700] "GET /clipart/buttons/paypal/ HTTP/1.1" 200 367 "http://site.kooldawgtees.com/clipart/buttons/paypal/buy_now?C=N%3BO%3DD" "Mozilla/5.0 (compatible;PetalBot;+https://webmaster.petalsearch.com/site/petalbot)" "site.kooldawgtees.com"
129.41.87.1 - - [20/Sep/2022:08:23:39 -0700] "GET /yswimages/premierpetrab.jpg HTTP/1.1" 200 5003 "-" "Mozilla/5.0 (X11; Ubuntu; Linux x86_64; rv:72.0) Gecko/20100101 Firefox/72.0" "site.kooldawgtees.com"
106.14.65.228 - - [20/Sep/2022:08:32:09 -0700] "GET /yswimages/nfldt765.jpg HTTP/1.1" 200 50973 "-" "Mozilla/5.0 (X11; Ubuntu; Linux x86_64; rv:72.0) Gecko/20100101 Firefox/72.0" "site.kooldawgtees.com"
114.119.133.89 - - [20/Sep/2022:08:35:41 -0700] "GET /SEHI?C=N%3BO%3DD HTTP/1.1" 301 1424 "http://site.kooldawgtees.com/SEHI?C=D%3BO%3DA" "Mozilla/5.0 (compatible;PetalBot;+https://webmaster.petalsearch.com/site/petalbot)" "site.kooldawgtees.com"
114.119.133.89 - - [20/Sep/2022:08:35:43 -0700] "GET /SEHI/?C=N%3BO%3DD HTTP/1.1" 200 350 "http://site.kooldawgtees.com/SEHI?C=D%3BO%3DA" "Mozilla/5.0 (compatible;PetalBot;+https://webmaster.petalsearch.com/site/petalbot)" "site.kooldawgtees.com"
37.230.186.130 - - [20/Sep/2022:08:39:13 -0700] "GET /yswimages/thundershirt-blue-polo.jpg HTTP/1.1" 200 133687 "-" "Python/3.7 aiohttp/3.8.1" "site.kooldawgtees.com"
203.119.241.99 - - [20/Sep/2022:08:44:53 -0700] "GET /yswimages/dogglesk9optix.jpg HTTP/1.1" 200 7528 "-" "Mozilla/5.0 (X11; Ubuntu; Linux x86_64; rv:72.0) Gecko/20100101 Firefox/72.0" "site.kooldawgtees.com"
37.230.186.130 - - [20/Sep/2022:09:05:42 -0700] "GET /yswimages/mlbdj-st-louis-cardinals-dog-jersey.jpg HTTP/1.1" 200 35229 "-" "Python/3.7 aiohttp/3.8.1" "site.kooldawgtees.com"
173.255.125.5 - - [20/Sep/2022:09:09:15 -0700] "GET /yswimages/pecczw187.jpg HTTP/1.1" 200 72899 "-" "Mozilla/5.0 (X11; Ubuntu; Linux x86_64; rv:72.0) Gecko/20100101 Firefox/72.0" "site.kooldawgtees.com"
114.119.133.87 - - [20/Sep/2022:09:15:55 -0700] "GET /clipart/bullets?C=D%3BO%3DA HTTP/1.1" 301 1427 "http://site.kooldawgtees.com/clipart/bullets?C=N%3BO%3DD" "Mozilla/5.0 (compatible;PetalBot;+https://webmaster.petalsearch.com/site/petalbot)" "site.kooldawgtees.com"
114.119.133.87 - - [20/Sep/2022:09:15:56 -0700] "GET /clipart/bullets/?C=D%3BO%3DA HTTP/1.1" 200 507 "http://site.kooldawgtees.com/clipart/bullets?C=N%3BO%3DD" "Mozilla/5.0 (compatible;PetalBot;+https://webmaster.petalsearch.com/site/petalbot)" "site.kooldawgtees.com"
106.39.217.152 - - [20/Sep/2022:09:22:05 -0700] "GET /yswimages/thundershirt-blue-polo.jpg HTTP/1.1" 200 133687 "-" "Mozilla/5.0 (X11; Ubuntu; Linux x86_64; rv:72.0) Gecko/20100101 Firefox/72.0" "site.kooldawgtees.com"
5.255.253.160 - - [20/Sep/2022:09:34:44 -0700] "GET /robots.txt HTTP/1.1" 200 43 "-" "Mozilla/5.0 (compatible; YandexBot/3.0; +http://yandex.com/bots)" "site.kooldawgtees.com"
87.250.224.103 - - [20/Sep/2022:09:34:48 -0700] "GET /yswimages/nfldco1704.jpg HTTP/1.1" 200 40904 "-" "Mozilla/5.0 (compatible; YandexImages/3.0; +http://yandex.com/bots)" "site.kooldawgtees.com"
114.119.134.1 - - [20/Sep/2022:09:46:19 -0700] "GET /media?C=N%3BO%3DD HTTP/1.1" 301 1423 "http://site.kooldawgtees.com/media?C=M%3BO%3DA" "Mozilla/5.0 (compatible;PetalBot;+https://webmaster.petalsearch.com/site/petalbot)" "site.kooldawgtees.com"
114.119.134.1 - - [20/Sep/2022:09:46:23 -0700] "GET /media/?C=N%3BO%3DD HTTP/1.1" 200 553 "http://site.kooldawgtees.com/media?C=M%3BO%3DA" "Mozilla/5.0 (compatible;PetalBot;+https://webmaster.petalsearch.com/site/petalbot)" "site.kooldawgtees.com"
114.119.133.87 - - [20/Sep/2022:09:54:23 -0700] "GET /directory?C=N%3BO%3DD HTTP/1.1" 301 1426 "http://site.kooldawgtees.com/directory?C=S%3BO%3DA" "Mozilla/5.0 (compatible;PetalBot;+https://webmaster.petalsearch.com/site/petalbot)" "site.kooldawgtees.com"
114.119.133.87 - - [20/Sep/2022:09:54:23 -0700] "GET /directory/?C=N%3BO%3DD HTTP/1.1" 200 311 "http://site.kooldawgtees.com/directory?C=S%3BO%3DA" "Mozilla/5.0 (compatible;PetalBot;+https://webmaster.petalsearch.com/site/petalbot)" "site.kooldawgtees.com"
114.119.133.85 - - [20/Sep/2022:10:17:34 -0700] "GET /blog/ HTTP/1.1" 200 - "https://site.kooldawgtees.com?C=S%3BO%3DA" "Mozilla/5.0 (compatible;PetalBot;+https://webmaster.petalsearch.com/site/petalbot)" "site.kooldawgtees.com"
34.134.218.31 - - [20/Sep/2022:10:33:59 -0700] "GET /yswimages/thundershirt-gray.jpg HTTP/1.1" 200 50954 "-" "Mozilla/5.0 (X11; Ubuntu; Linux x86_64; rv:72.0) Gecko/20100101 Firefox/72.0" "site.kooldawgtees.com"
163.220.128.41 - - [20/Sep/2022:10:38:17 -0700] "GET /yswimages/dog-clothes-ty-monkey-business-dog-jackets.jpg HTTP/1.1" 200 59018 "-" "Mozilla/5.0 (X11; Ubuntu; Linux x86_64; rv:72.0) Gecko/20100101 Firefox/72.0" "site.kooldawgtees.com"
114.119.133.85 - - [20/Sep/2022:10:38:37 -0700] "GET /directory/?C=N%3BO%3DD HTTP/1.1" 200 311 "http://site.kooldawgtees.com/directory?C=M%3BO%3DA" "Mozilla/5.0 (compatible;PetalBot;+https://webmaster.petalsearch.com/site/petalbot)" "site.kooldawgtees.com"
114.119.133.87 - - [20/Sep/2022:10:51:00 -0700] "GET /buying-guide/?C=N%3BO%3DD HTTP/1.1" 200 316 "http://site.kooldawgtees.com/buying-guide" "Mozilla/5.0 (compatible;PetalBot;+https://webmaster.petalsearch.com/site/petalbot)" "site.kooldawgtees.com"
37.230.186.130 - - [20/Sep/2022:10:54:21 -0700] "GET /yswimages/pecczw38427.jpg HTTP/1.1" 200 46552 "-" "Python/3.7 aiohttp/3.8.1" "site.kooldawgtees.com"
114.119.133.98 - - [20/Sep/2022:10:55:01 -0700] "GET /sitebuilder/scripts/?C=D%3BO%3DA HTTP/1.1" 200 371 "http://site.kooldawgtees.com/sitebuilder/scripts/?C=M%3BO%3DA" "Mozilla/5.0 (compatible;PetalBot;+https://webmaster.petalsearch.com/site/petalbot)" "site.kooldawgtees.com"
114.119.147.58 - - [20/Sep/2022:11:10:42 -0700] "GET /@site.kooldawgtees.com/SEHI/?C=M&percnt;3BO&percnt;3DA& HTTP/1.1" 200 369 "https://p11.secure.hostingprod.com/@site.kooldawgtees.com/SEHI/?C=N%3BO%3DA" "Mozilla/5.0 (Linux; Android 7.0;) AppleWebKit/537.36 (KHTML, like Gecko) Mobile Safari/537.36 (compatible; PetalBot;+https://webmaster.petalsearch.com/site/petalbot)" "p11.secure.hostingprod.com"
114.119.134.1 - - [20/Sep/2022:11:20:22 -0700] "GET /sitebuilder/css?C=M%3BO%3DA HTTP/1.1" 301 1429 "http://site.kooldawgtees.com/sitebuilder/css" "Mozilla/5.0 (compatible;PetalBot;+https://webmaster.petalsearch.com/site/petalbot)" "site.kooldawgtees.com"
114.119.134.1 - - [20/Sep/2022:11:20:22 -0700] "GET /sitebuilder/css/?C=M%3BO%3DA HTTP/1.1" 200 377 "http://site.kooldawgtees.com/sitebuilder/css" "Mozilla/5.0 (compatible;PetalBot;+https://webmaster.petalsearch.com/site/petalbot)" "site.kooldawgtees.com"
52.202.121.150 - - [20/Sep/2022:11:39:43 -0700] "GET /yswimages/mlbdtclevelandindians1597.jpg HTTP/1.1" 200 50977 "-" "Mozilla/5.0 (X11; Ubuntu; Linux x86_64; rv:72.0) Gecko/20100101 Firefox/72.0" "site.kooldawgtees.com"
38.242.147.182 - - [20/Sep/2022:12:10:50 -0700] "GET /robots.txt HTTP/1.1" 200 43 "-" "Mozilla/5.0 (compatible; MJ12bot/v1.4.8; http://mj12bot.com/)" "site.kooldawgtees.com"
38.242.147.182 - - [20/Sep/2022:12:10:52 -0700] "GET /sitebuilder/catalog.xml HTTP/1.1" 200 96772 "-" "Mozilla/5.0 (compatible; MJ12bot/v1.4.8; http://mj12bot.com/)" "site.kooldawgtees.com"
103.7.29.100 - - [20/Sep/2022:12:36:46 -0700] "GET /yswimages/pecczw276.jpg HTTP/1.1" 200 54132 "-" "Mozilla/5.0 (X11; Ubuntu; Linux x86_64; rv:72.0) Gecko/20100101 Firefox/72.0" "site.kooldawgtees.com"
163.220.128.41 - - [20/Sep/2022:12:49:16 -0700] "GET /sitebuilder/images/KOOLDAWGLOGO_X_20052-350x164.jpg HTTP/1.1" 200 10489 "-" "Mozilla/5.0 (X11; Ubuntu; Linux x86_64; rv:72.0) Gecko/20100101 Firefox/72.0" "site.kooldawgtees.com"
34.67.96.123 - - [20/Sep/2022:13:00:39 -0700] "GET /yswimages/dog-clothes-monkey-business-dog-sweaters.jpg HTTP/1.1" 200 47345 "-" "Mozilla/5.0 (X11; Ubuntu; Linux x86_64; rv:72.0) Gecko/20100101 Firefox/72.0" "site.kooldawgtees.com"
114.119.133.89 - - [20/Sep/2022:13:21:04 -0700] "GET /sitebuilder/scripts/ HTTP/1.1" 200 371 "http://site.kooldawgtees.com/sitebuilder/" "Mozilla/5.0 (compatible;PetalBot;+https://webmaster.petalsearch.com/site/petalbot)" "site.kooldawgtees.com"
163.220.128.41 - - [20/Sep/2022:13:28:54 -0700] "GET /yswimages/pecczw530.jpg HTTP/1.1" 200 11593 "-" "Mozilla/5.0 (X11; Ubuntu; Linux x86_64; rv:72.0) Gecko/20100101 Firefox/72.0" "site.kooldawgtees.com"
106.14.65.228 - - [20/Sep/2022:13:47:44 -0700] "GET /yswimages/pet-studio-ramp-steps-two-step.jpg HTTP/1.1" 200 66726 "-" "Mozilla/5.0 (X11; Ubuntu; Linux x86_64; rv:72.0) Gecko/20100101 Firefox/72.0" "site.kooldawgtees.com"
203.119.241.86 - - [20/Sep/2022:13:59:25 -0700] "GET /yswimages/pecczw38427.jpg HTTP/1.1" 200 46552 "-" "Mozilla/5.0 (X11; Ubuntu; Linux x86_64; rv:72.0) Gecko/20100101 Firefox/72.0" "site.kooldawgtees.com"
34.134.218.31 - - [20/Sep/2022:14:04:28 -0700] "GET /yswimages/pecczw187.jpg HTTP/1.1" 200 72899 "-" "Mozilla/5.0 (X11; Ubuntu; Linux x86_64; rv:72.0) Gecko/20100101 Firefox/72.0" "site.kooldawgtees.com"
114.119.133.98 - - [20/Sep/2022:14:15:08 -0700] "GET /images?C=S%3BO%3DA HTTP/1.1" 301 1424 "http://site.kooldawgtees.com/images?C=D%3BO%3DA" "Mozilla/5.0 (compatible;PetalBot;+https://webmaster.petalsearch.com/site/petalbot)" "site.kooldawgtees.com"
114.119.133.98 - - [20/Sep/2022:14:15:08 -0700] "GET /images/?C=S%3BO%3DA HTTP/1.1" 200 63865 "http://site.kooldawgtees.com/images?C=D%3BO%3DA" "Mozilla/5.0 (compatible;PetalBot;+https://webmaster.petalsearch.com/site/petalbot)" "site.kooldawgtees.com"
5.161.89.173 - - [20/Sep/2022:14:23:11 -0700] "GET /yswimages/nfldj313.jpg HTTP/1.1" 200 39111 "-" "Mozilla/5.0 (X11; Ubuntu; Linux x86_64; rv:72.0) Gecko/20100101 Firefox/72.0" "site.kooldawgtees.com"
34.134.218.31 - - [20/Sep/2022:14:27:17 -0700] "GET /yswimages/doggles-bckpks.jpg HTTP/1.1" 200 11879 "-" "Mozilla/5.0 (X11; Ubuntu; Linux x86_64; rv:72.0) Gecko/20100101 Firefox/72.0" "site.kooldawgtees.com"
129.41.87.1 - - [20/Sep/2022:14:32:46 -0700] "GET /yswimages/dog-clothes-tiff-monkey-business-dog-jackets.jpg HTTP/1.1" 200 68651 "-" "Mozilla/5.0 (X11; Ubuntu; Linux x86_64; rv:72.0) Gecko/20100101 Firefox/72.0" "site.kooldawgtees.com"
34.134.218.31 - - [20/Sep/2022:14:36:49 -0700] "GET /yswimages/bfasqsc.jpg HTTP/1.1" 200 15719 "-" "Mozilla/5.0 (X11; Ubuntu; Linux x86_64; rv:72.0) Gecko/20100101 Firefox/72.0" "site.kooldawgtees.com"
106.14.65.228 - - [20/Sep/2022:14:44:12 -0700] "GET /yswimages/ruffweark9overcoatredcur.jpg HTTP/1.1" 200 173217 "-" "Mozilla/5.0 (X11; Ubuntu; Linux x86_64; rv:72.0) Gecko/20100101 Firefox/72.0" "site.kooldawgtees.com"
114.119.133.87 - - [20/Sep/2022:14:45:12 -0700] "GET /dickies-medical-uniforms/sitebuilder/images/thumbnails?C=S%3BO%3DA HTTP/1.1" 301 1456 "http://site.kooldawgtees.com/dickies-medical-uniforms/sitebuilder/images/thumbnails?C=M%3BO%3DA" "Mozilla/5.0 (compatible;PetalBot;+https://webmaster.petalsearch.com/site/petalbot)" "site.kooldawgtees.com"
114.119.133.87 - - [20/Sep/2022:14:45:12 -0700] "GET /dickies-medical-uniforms/sitebuilder/images/thumbnails/?C=S%3BO%3DA HTTP/1.1" 200 349 "http://site.kooldawgtees.com/dickies-medical-uniforms/sitebuilder/images/thumbnails?C=M%3BO%3DA" "Mozilla/5.0 (compatible;PetalBot;+https://webmaster.petalsearch.com/site/petalbot)" "site.kooldawgtees.com"
216.244.66.234 - - [20/Sep/2022:14:47:17 -0700] "GET /robots.txt HTTP/1.1" 200 43 "-" "Mozilla/5.0 (compatible; DotBot/1.2; +https://opensiteexplorer.org/dotbot; help@moz.com)" "site.kooldawgtees.com"
34.134.218.31 - - [20/Sep/2022:14:48:33 -0700] "GET /yswimages/pecczw260.jpg HTTP/1.1" 200 9032 "-" "Mozilla/5.0 (X11; Ubuntu; Linux x86_64; rv:72.0) Gecko/20100101 Firefox/72.0" "site.kooldawgtees.com"
114.119.133.85 - - [20/Sep/2022:15:09:42 -0700] "GET /sitebuilder/scripts?C=D%3BO%3DA HTTP/1.1" 301 1432 "http://site.kooldawgtees.com/sitebuilder/scripts?C=M%3BO%3DA" "Mozilla/5.0 (compatible;PetalBot;+https://webmaster.petalsearch.com/site/petalbot)" "site.kooldawgtees.com"
114.119.133.85 - - [20/Sep/2022:15:09:42 -0700] "GET /sitebuilder/scripts/?C=D%3BO%3DA HTTP/1.1" 200 371 "http://site.kooldawgtees.com/sitebuilder/scripts?C=M%3BO%3DA" "Mozilla/5.0 (compatible;PetalBot;+https://webmaster.petalsearch.com/site/petalbot)" "site.kooldawgtees.com"
106.14.65.228 - - [20/Sep/2022:15:12:17 -0700] "GET /yswimages/doggles-pcmd.jpg HTTP/1.1" 200 17282 "-" "Mozilla/5.0 (X11; Ubuntu; Linux x86_64; rv:72.0) Gecko/20100101 Firefox/72.0" "site.kooldawgtees.com"
163.220.128.41 - - [20/Sep/2022:15:27:25 -0700] "GET /yswimages/pecczw275.jpg HTTP/1.1" 200 18474 "-" "Mozilla/5.0 (X11; Ubuntu; Linux x86_64; rv:72.0) Gecko/20100101 Firefox/72.0" "site.kooldawgtees.com"
87.250.224.90 - - [20/Sep/2022:15:36:19 -0700] "GET /robots.txt HTTP/1.1" 200 43 "-" "Mozilla/5.0 (compatible; YandexBot/3.0; +http://yandex.com/bots)" "site.kooldawgtees.com"
87.250.224.68 - - [20/Sep/2022:15:36:23 -0700] "GET /scripts/ HTTP/1.1" 200 382 "-" "Mozilla/5.0 (compatible; YandexBot/3.0; +http://yandex.com/bots)" "site.kooldawgtees.com"
35.186.133.66 - - [20/Sep/2022:15:44:21 -0700] "GET /yswimages/nfldt765.jpg HTTP/1.1" 200 50973 "-" "Mozilla/5.0 (X11; Ubuntu; Linux x86_64; rv:72.0) Gecko/20100101 Firefox/72.0" "site.kooldawgtees.com"
128.1.132.67 - - [20/Sep/2022:15:47:45 -0700] "GET /yswimages/wooftmc044225.jpg HTTP/1.1" 200 7586 "-" "Mozilla/5.0 (X11; Ubuntu; Linux x86_64; rv:72.0) Gecko/20100101 Firefox/72.0" "site.kooldawgtees.com"
114.119.133.87 - - [20/Sep/2022:16:04:18 -0700] "GET /clipart/buttons/themes/gray/?C=S%3BO%3DA HTTP/1.1" 200 411 "http://site.kooldawgtees.com/clipart/buttons/themes/gray" "Mozilla/5.0 (compatible;PetalBot;+https://webmaster.petalsearch.com/site/petalbot)" "site.kooldawgtees.com"
114.119.133.85 - - [20/Sep/2022:16:22:26 -0700] "GET /clipart/lines/vertical/?C=D%3BO%3DA HTTP/1.1" 200 589 "http://site.kooldawgtees.com/clipart/lines/vertical?C=N%3BO%3DD" "Mozilla/5.0 (compatible;PetalBot;+https://webmaster.petalsearch.com/site/petalbot)" "site.kooldawgtees.com"
37.230.186.130 - - [20/Sep/2022:16:29:14 -0700] "GET /yswimages/pecczw187.jpg HTTP/1.1" 200 72899 "-" "Python/3.7 aiohttp/3.8.1" "site.kooldawgtees.com"
216.244.66.234 - - [20/Sep/2022:16:29:28 -0700] "GET /robots.txt HTTP/1.1" 200 43 "-" "Mozilla/5.0 (compatible; DotBot/1.2; +https://opensiteexplorer.org/dotbot; help@moz.com)" "site.kooldawgtees.com"
163.220.128.41 - - [20/Sep/2022:16:33:48 -0700] "GET /yswimages/nflds1717.jpg HTTP/1.1" 200 48861 "-" "Mozilla/5.0 (X11; Ubuntu; Linux x86_64; rv:72.0) Gecko/20100101 Firefox/72.0" "site.kooldawgtees.com"
114.119.133.87 - - [20/Sep/2022:16:34:11 -0700] "GET /clipart/buttons/themes/jelly/ HTTP/1.1" 200 396 "http://site.kooldawgtees.com/clipart/buttons/themes/?C=M%3BO%3DA" "Mozilla/5.0 (compatible;PetalBot;+https://webmaster.petalsearch.com/site/petalbot)" "site.kooldawgtees.com"
43.130.59.85 - - [20/Sep/2022:16:34:48 -0700] "GET /yswimages/dogglesk9optix.jpg HTTP/1.1" 200 7528 "-" "Mozilla/5.0 (X11; Ubuntu; Linux x86_64; rv:72.0) Gecko/20100101 Firefox/72.0" "site.kooldawgtees.com"
